000
CDUS43 KABR 220623
CLIABR


CLIMATE REPORT
NATIONAL WEATHER SERVICE ABERDEEN SD
122 AM CDT SUN APR 22 2018


...................................

...THE ABERDEEN SD CLIMATE SUMMARY FOR APRIL 21 2018...

CLIMATE NORMAL PERIOD 1981 TO 2010
CLIMATE RECORD PERIOD 1893 TO 2018


WEATHER ITEM   OBSERVED TIME   RECORD YEAR NORMAL DEPARTURE LAST
                VALUE   (LST)  VALUE       VALUE  FROM      YEAR
                                                  NORMAL
..................................................................
TEMPERATURE (F)
 YESTERDAY
  MAXIMUM         61    303 PM  97    1980  60      1       65
  MINIMUM         32   1159 PM  16    1936  34     -2       32
  AVERAGE         47                        47      0       49

PRECIPITATION (IN)
  YESTERDAY        0.00          0.90 1964   0.07  -0.07     0.00
  MONTH TO DATE    0.71                      1.11  -0.40     1.20
  SINCE MAR 1      2.30                      2.27   0.03     1.87
  SINCE JAN 1      3.17                      3.29  -0.12     2.55

SNOWFALL (IN)
  YESTERDAY        0.0           3.3  1909   0.1   -0.1      0.0
  MONTH TO DATE   10.3                       2.6    7.7       T
  SINCE OCT 1     43.2                      37.6    5.6     38.1
  SINCE JUL 1     43.2                      37.6    5.6     38.1
  SNOW DEPTH       0

DEGREE DAYS
 HEATING
  YESTERDAY       18                        18      0       16
  MONTH TO DATE  739                       478    261      374
  SINCE MAR 1   1867                      1566    301     1420
  SINCE JUL 1   8234                      8029    205     7035

 COOLING
  YESTERDAY        0                         0      0        0
  MONTH TO DATE    0                         0      0        0
  SINCE MAR 1      0                         0      0        0
  SINCE JAN 1      0                         0      0        0
..................................................................


WIND (MPH)
  HIGHEST WIND SPEED    21   HIGHEST WIND DIRECTION     S (190)
  HIGHEST GUST SPEED    26   HIGHEST GUST DIRECTION     S (180)
  AVERAGE WIND SPEED     9.0


SKY COVER
  POSSIBLE SUNSHINE  MM
  AVERAGE SKY COVER 0.4


WEATHER CONDITIONS
 THE FOLLOWING WEATHER WAS RECORDED YESTERDAY.
  NO SIGNIFICANT WEATHER WAS OBSERVED.


RELATIVE HUMIDITY (PERCENT)
 HIGHEST    92           200 AM
 LOWEST     36           300 PM
 AVERAGE    64

..........................................................


THE ABERDEEN SD CLIMATE NORMALS FOR TODAY
                         NORMAL    RECORD    YEAR
 MAXIMUM TEMPERATURE (F)   61        90      1990
                                             1908
 MINIMUM TEMPERATURE (F)   34        15      2015


SUNRISE AND SUNSET
APRIL 22 2018.........SUNRISE   636 AM CDT   SUNSET   829 PM CDT
APRIL 23 2018.........SUNRISE   635 AM CDT   SUNSET   830 PM CDT


-  INDICATES NEGATIVE NUMBERS.
R  INDICATES RECORD WAS SET OR TIED.
MM INDICATES DATA IS MISSING.
T  INDICATES TRACE AMOUNT.




$$
