000
CDUS41 KPHI 230552
CLIACY


CLIMATE REPORT
NATIONAL WEATHER SERVICE MOUNT HOLLY NJ
151 AM EDT MON APR 23 2018


...................................

...THE ATLANTIC CITY NJ CLIMATE SUMMARY FOR APRIL 22 2018...

CLIMATE NORMAL PERIOD 1981 TO 2010
CLIMATE RECORD PERIOD 1874 TO 2018


WEATHER ITEM   OBSERVED TIME   RECORD YEAR NORMAL DEPARTURE LAST
                VALUE   (LST)  VALUE       VALUE  FROM      YEAR
                                                  NORMAL
..................................................................
TEMPERATURE (F)
 YESTERDAY
  MAXIMUM         61    222 PM  90    1985  64     -3       56
  MINIMUM         37    450 AM  26    1875  44     -7       48
  AVERAGE         49                        54     -5       52

PRECIPITATION (IN)
  YESTERDAY        0.00          2.09 2012   0.11  -0.11     0.29
  MONTH TO DATE    2.55                      2.77  -0.22     1.53
  SINCE MAR 1      7.88                      6.98   0.90     7.15
  SINCE JAN 1     17.60                     13.07   4.53    12.70

SNOWFALL (IN)
  YESTERDAY        0.0           T    1993   0.0    0.0      0.0
                                      1984
  MONTH TO DATE    T                         0.3   -0.3      0.0
  SINCE MAR 1      9.6                       1.4    8.2      0.2
  SINCE JUL 1     34.1                      16.5   17.6      7.7
  SNOW DEPTH       0

DEGREE DAYS
 HEATING
  YESTERDAY       16                        12      4       13
  MONTH TO DATE  376                       325     51      206
  SINCE MAR 1   1147                      1031    116      925
  SINCE JUL 1   4385                      4622   -237     3921

 COOLING
  YESTERDAY        0                         0      0        0
  MONTH TO DATE    6                         0      6       10
  SINCE MAR 1      6                         0      6       10
  SINCE JAN 1      6                         0      6       10
..................................................................


WIND (MPH)
  HIGHEST WIND SPEED    17   HIGHEST WIND DIRECTION    SE (140)
  HIGHEST GUST SPEED    22   HIGHEST GUST DIRECTION    SE (140)
  AVERAGE WIND SPEED     6.2


SKY COVER
  POSSIBLE SUNSHINE  MM
  AVERAGE SKY COVER 0.0


WEATHER CONDITIONS
 THE FOLLOWING WEATHER WAS RECORDED YESTERDAY.
  NO SIGNIFICANT WEATHER WAS OBSERVED.


RELATIVE HUMIDITY (PERCENT)
 HIGHEST    92           300 AM
 LOWEST     22           200 PM
 AVERAGE    57

..........................................................


THE ATLANTIC CITY NJ CLIMATE NORMALS FOR TODAY
                         NORMAL    RECORD    YEAR
 MAXIMUM TEMPERATURE (F)   64        85      2007
                                             1952
 MINIMUM TEMPERATURE (F)   44        24      1989


SUNRISE AND SUNSET
APRIL 23 2018.........SUNRISE   610 AM EDT   SUNSET   744 PM EDT
APRIL 24 2018.........SUNRISE   608 AM EDT   SUNSET   745 PM EDT


-  INDICATES NEGATIVE NUMBERS.
R  INDICATES RECORD WAS SET OR TIED.
MM INDICATES DATA IS MISSING.
T  INDICATES TRACE AMOUNT.




$$
