000
CDUS45 KBOU 250733
CLIAKO


CLIMATE REPORT
NATIONAL WEATHER SERVICE DENVER/BOULDER CO
132 AM MDT WED APR 25 2018


...................................

...THE AKRON CO CLIMATE SUMMARY FOR APRIL 24 2018...

CLIMATE NORMAL PERIOD 1981 TO 2010
CLIMATE RECORD PERIOD 9999 TO 9999


WEATHER ITEM   OBSERVED TIME   RECORD YEAR NORMAL DEPARTURE LAST
                VALUE   (LST)  VALUE       VALUE  FROM      YEAR
                                                  NORMAL
..................................................................
TEMPERATURE (F)
 YESTERDAY
  MAXIMUM         42    409 PM  90    2012  63    -21
  MINIMUM         26   1159 PM  21    2013  36    -10
                                      1958
  AVERAGE         34                        50    -16

PRECIPITATION (IN)
  YESTERDAY        0.01          1.16 1973   0.07  -0.06     0.02
  MONTH TO DATE    0.75                      1.23  -0.48     1.26
  SINCE MAR 1      1.34                      2.10  -0.76     2.82
  SINCE JAN 1      2.45                      2.84  -0.39     2.93

SNOWFALL (IN)
  YESTERDAY       MM
  SNOW DEPTH       0

DEGREE DAYS
 HEATING
  YESTERDAY       31
  MONTH TO DATE  495

 COOLING
  YESTERDAY        0
  MONTH TO DATE    0
..................................................................


WIND (MPH)
  HIGHEST WIND SPEED    31   HIGHEST WIND DIRECTION     N (10)
  HIGHEST GUST SPEED    39   HIGHEST GUST DIRECTION     N (360)




RELATIVE HUMIDITY (PERCENT)
 HIGHEST   100
 LOWEST     65
 AVERAGE    83

..........................................................


THE AKRON CO CLIMATE NORMALS FOR TODAY
                         NORMAL    RECORD    YEAR
 MAXIMUM TEMPERATURE (F)   64        87      1949
 MINIMUM TEMPERATURE (F)   36        21      1950


SUNRISE AND SUNSET
APRIL 25 2018.........SUNRISE   600 AM MDT   SUNSET   742 PM MDT
APRIL 26 2018.........SUNRISE   559 AM MDT   SUNSET   743 PM MDT


-  INDICATES NEGATIVE NUMBERS.
R  INDICATES RECORD WAS SET OR TIED.
MM INDICATES DATA IS MISSING.
T  INDICATES TRACE AMOUNT.




$$
