000
CDUS43 KDMX 220639
CLIALO

CLIMATE REPORT
NATIONAL WEATHER SERVICE DES MOINES IA
139 AM CDT SUN APR 22 2018

...................................

...THE WATERLOO IA CLIMATE SUMMARY FOR APRIL 21 2018...

CLIMATE NORMAL PERIOD 1981 TO 2010
CLIMATE RECORD PERIOD 1895 TO 2018


WEATHER ITEM   OBSERVED TIME   RECORD YEAR NORMAL DEPARTURE LAST
                VALUE   (LST)  VALUE       VALUE  FROM      YEAR
                                                  NORMAL
..................................................................
TEMPERATURE (F)
 YESTERDAY
  MAXIMUM         60    308 PM  93    1980  63     -3       59
  MINIMUM         39    508 AM  22    1934  39      0       34
  AVERAGE         50                        51     -1       47

PRECIPITATION (IN)
  YESTERDAY        0.00          1.63 1905   0.14  -0.14     0.00
  MONTH TO DATE    1.73                      2.44  -0.71     2.44
  SINCE MAR 1      3.40                      4.50  -1.10     4.50
  SINCE JAN 1      7.88                      6.32   1.56     8.43

SNOWFALL (IN)
  YESTERDAY        0.0           4.5  1918   0.0    0.0      0.0
  MONTH TO DATE   12.1                       1.6   10.5      0.0
  SINCE MAR 1     23.5                       6.2   17.3     10.6
  SINCE JUL 1     45.6                      35.1   10.5     26.2
  SNOW DEPTH       0

DEGREE DAYS
 HEATING
  YESTERDAY       15                        14      1       18
  MONTH TO DATE  686                       382    304      263
  SINCE MAR 1   1688                      1288    400     1180
  SINCE JUL 1   7131                      6707    424     5642

 COOLING
  YESTERDAY        0                         0      0        0
  MONTH TO DATE    0                         0      0        6
  SINCE MAR 1      0                         0      0        6
  SINCE JAN 1      0                         0      0        6
..................................................................


WIND (MPH)
  HIGHEST WIND SPEED    18   HIGHEST WIND DIRECTION     E (70)
  HIGHEST GUST SPEED    25   HIGHEST GUST DIRECTION     E (90)
  AVERAGE WIND SPEED    10.3


SKY COVER
  POSSIBLE SUNSHINE  MM
  AVERAGE SKY COVER 0.5


WEATHER CONDITIONS
 THE FOLLOWING WEATHER WAS RECORDED YESTERDAY.
  NO SIGNIFICANT WEATHER WAS OBSERVED.


RELATIVE HUMIDITY (PERCENT)
 HIGHEST    85           500 AM
 LOWEST     31           300 PM
 AVERAGE    58

..........................................................


THE WATERLOO IA CLIMATE NORMALS FOR TODAY
                         NORMAL    RECORD    YEAR
 MAXIMUM TEMPERATURE (F)   64       100      1980
 MINIMUM TEMPERATURE (F)   40        20      1986


SUNRISE AND SUNSET
APRIL 22 2018.........SUNRISE   617 AM CDT   SUNSET   800 PM CDT
APRIL 23 2018.........SUNRISE   616 AM CDT   SUNSET   801 PM CDT


-  INDICATES NEGATIVE NUMBERS.
R  INDICATES RECORD WAS SET OR TIED.
MM INDICATES DATA IS MISSING.
T  INDICATES TRACE AMOUNT.

$$

SMALL
