000
CDUS42 KMFL 240826
CLIAPF


CLIMATE REPORT
NATIONAL WEATHER SERVICE MIAMI, FL
426 AM EDT TUE APR 24 2018


...................................

...THE NAPLES CLIMATE SUMMARY FOR APRIL 23 2018...

CLIMATE NORMAL PERIOD 1981 TO 2010
CLIMATE RECORD PERIOD 1942 TO 2018


WEATHER ITEM   OBSERVED TIME   RECORD YEAR NORMAL DEPARTURE LAST
                VALUE   (LST)  VALUE       VALUE  FROM      YEAR
                                                  NORMAL
..................................................................
TEMPERATURE (F)
 YESTERDAY
  MAXIMUM         87    156 PM  92    1973  84      3       82
  MINIMUM         72    353 AM  47    1993  64      8       70
  AVERAGE         80                        74      6       76

PRECIPITATION (IN)
  YESTERDAY        0.00          0.77 1979   0.07  -0.07     0.28
  MONTH TO DATE    0.87                      1.91  -1.04     0.89
  SINCE NOV 1      3.98                     11.73  -7.75     3.30
  SINCE JAN 1      2.83                      8.24  -5.41     2.95

SNOWFALL (IN)
  YESTERDAY        0.0
  MONTH TO DATE    0.0
  SINCE MAR 1      0.0
  SINCE JUL 1      0.0
  SNOW DEPTH       0

DEGREE DAYS
 HEATING
  YESTERDAY        0                         0      0        0
  MONTH TO DATE    0                         0      0        0
  SINCE MAR 1     22                        23     -1       11
  SINCE JUL 1    200                       256    -56       67

 COOLING
  YESTERDAY       15                         9      6       11
  MONTH TO DATE  261                       181     80      249
  SINCE MAR 1    402                       357     45      446
  SINCE JAN 1    762                       548    214      769
..................................................................


WIND (MPH)
  HIGHEST WIND SPEED    20   HIGHEST WIND DIRECTION    SW (220)
  HIGHEST GUST SPEED    25   HIGHEST GUST DIRECTION    SW (210)
  AVERAGE WIND SPEED     9.9


SKY COVER
  AVERAGE SKY COVER 0.3


WEATHER CONDITIONS
 THE FOLLOWING WEATHER WAS RECORDED YESTERDAY.
  NO SIGNIFICANT WEATHER WAS OBSERVED.


RELATIVE HUMIDITY (PERCENT)
 HIGHEST   100
 LOWEST     65
 AVERAGE    83

..........................................................


THE NAPLES CLIMATE NORMALS FOR TODAY
                         NORMAL    RECORD    YEAR
 MAXIMUM TEMPERATURE (F)   85        91      2002
 MINIMUM TEMPERATURE (F)   65        52      1986


SUNRISE AND SUNSET
APRIL 24 2018.........SUNRISE   656 AM EDT   SUNSET   755 PM EDT
APRIL 25 2018.........SUNRISE   655 AM EDT   SUNSET   756 PM EDT


-  INDICATES NEGATIVE NUMBERS.
R  INDICATES RECORD WAS SET OR TIED.
MM INDICATES DATA IS MISSING.
T  INDICATES TRACE AMOUNT.




$$
