000
CDUS46 KPQR 220220
CLIAST


CLIMATE REPORT
NATIONAL WEATHER SERVICE PORTLAND OREGON
720 PM PDT MON MAY 21 2018


...................................

...THE ASTORIA OR CLIMATE SUMMARY FOR MAY 21 2018...
VALID TODAY AS OF 0500 PM LOCAL TIME.

CLIMATE NORMAL PERIOD 1981 TO 2010
CLIMATE RECORD PERIOD 1892 TO 2018


WEATHER ITEM   OBSERVED TIME   RECORD YEAR NORMAL DEPARTURE LAST
                VALUE   (LST)  VALUE       VALUE  FROM      YEAR
                                                  NORMAL
..................................................................
TEMPERATURE (F)
 TODAY
  MAXIMUM         64    156 PM  86    1914  61      3       74
  MINIMUM         51    420 AM  36    1973  47      4       50
  AVERAGE         58                        54      4       62

PRECIPITATION (IN)
  TODAY            0.00          1.13 1922   0.10  -0.10     0.00
  MONTH TO DATE    0.42                      2.33  -1.91     5.78
  SINCE OCT 1     63.93                     59.39   4.54    90.89
  SINCE JAN 1     33.14                     32.37   0.77    47.02

DEGREE DAYS
 HEATING
  TODAY            7                        11     -4        3
  MONTH TO DATE  199                       267    -68      255
  SINCE MAR 1   1268                      1334    -66     1294
  SINCE JUL 1   4426                      4676   -250     4277

 COOLING
  TODAY            0                         0      0        0
  MONTH TO DATE    0                         0      0        0
  SINCE MAR 1      1                         0      1        0
  SINCE JAN 1      1                         0      1        0
..................................................................


WIND (MPH)
  HIGHEST WIND SPEED    21   HIGHEST WIND DIRECTION    NW (320)
  HIGHEST GUST SPEED    25   HIGHEST GUST DIRECTION    NW (320)
  AVERAGE WIND SPEED     7.4


SKY COVER
  POSSIBLE SUNSHINE  MM
  AVERAGE SKY COVER 0.7


WEATHER CONDITIONS
 THE FOLLOWING WEATHER WAS RECORDED TODAY.
  FOG
  HAZE


RELATIVE HUMIDITY (PERCENT)
 HIGHEST    89           300 AM
 LOWEST     63           100 PM
 AVERAGE    76

..........................................................


THE ASTORIA OR CLIMATE NORMALS FOR TOMORROW
                         NORMAL    RECORD    YEAR
 MAXIMUM TEMPERATURE (F)   61        88      1941
 MINIMUM TEMPERATURE (F)   47        37      1960
                                             1955


SUNRISE AND SUNSET
MAY 21 2018...........SUNRISE   536 AM PDT   SUNSET   849 PM PDT
MAY 22 2018...........SUNRISE   535 AM PDT   SUNSET   850 PM PDT


-  INDICATES NEGATIVE NUMBERS.
R  INDICATES RECORD WAS SET OR TIED.
MM INDICATES DATA IS MISSING.
T  INDICATES TRACE AMOUNT.




$$
