493
CDUS42 KFFC 240028
CLIATL


CLIMATE REPORT
NATIONAL WEATHER SERVICE PEACHTREE CITY GA
828 PM EDT MON APR 23 2018


...................................

...THE ATLANTA CLIMATE SUMMARY FOR APRIL 23 2018...
VALID AS OF 0800 PM LOCAL TIME.

CLIMATE NORMAL PERIOD 1981 TO 2010
CLIMATE RECORD PERIOD 1878 TO 2018


WEATHER ITEM   OBSERVED TIME   RECORD YEAR NORMAL DEPARTURE LAST
                VALUE   (LST)  VALUE       VALUE  FROM      YEAR
                                                  NORMAL
..................................................................
TEMPERATURE (F)
 TODAY
  MAXIMUM         69    451 PM  91    1980  74     -5       68
  MINIMUM         58    508 AM  32    1986  54      4       54
  AVERAGE         64                        64      0       61

PRECIPITATION (IN)
  TODAY            1.84          2.40 1883   0.12   1.72     0.84
  MONTH TO DATE    3.90                      2.58   1.32     5.66
  SINCE MAR 1      8.76                      7.39   1.37     8.34
  SINCE JAN 1     18.13                     16.26   1.87    18.39

SNOWFALL (IN)
  TODAY            0.0           0.0  2002   0.0    0.0      0.0
                                      2001
                                      2000
  MONTH TO DATE    0.0                       0.1   -0.1      0.0
  SINCE MAR 1      0.0                       0.9   -0.9       T
  SINCE JUL 1      4.7                       3.0    1.7       T
  SNOW DEPTH       0

DEGREE DAYS
 HEATING
  TODAY            1                         3     -2        4
  MONTH TO DATE  147                       124     23       41
  SINCE MAR 1    499                       466     33      304
  SINCE JUL 1   2443                      2721   -278     1660

 COOLING
  TODAY            0                         2     -2        0
  MONTH TO DATE   19                        34    -15       90
  SINCE MAR 1     23                        46    -23      135
  SINCE JAN 1     50                        47      3      140
..................................................................


WIND (MPH)
  RESULTANT WIND SPEED  10   RESULTANT WIND DIRECTION   E (90)
  HIGHEST WIND SPEED    23   HIGHEST WIND DIRECTION    NE (50)
  HIGHEST GUST SPEED    33   HIGHEST GUST DIRECTION    NE (50)
  AVERAGE WIND SPEED    11.6


SKY COVER
  AVERAGE SKY COVER 1.0


WEATHER CONDITIONS
 THE FOLLOWING WEATHER WAS RECORDED TODAY.
  THUNDERSTORM
  HEAVY RAIN
  RAIN
  LIGHT RAIN
  FOG


RELATIVE HUMIDITY (PERCENT)
 HIGHEST   100           200 AM
 LOWEST     87           300 PM

..........................................................


THE ATLANTA CLIMATE NORMALS FOR TOMORROW
                         NORMAL    RECORD    YEAR
 MAXIMUM TEMPERATURE (F)   75        93      1925
 MINIMUM TEMPERATURE (F)   54        34      2005


SUNRISE AND SUNSET
APRIL 23 2018.........SUNRISE   658 AM EDT   SUNSET   815 PM EDT
APRIL 24 2018.........SUNRISE   657 AM EDT   SUNSET   816 PM EDT


-  INDICATES NEGATIVE NUMBERS.
R  INDICATES RECORD WAS SET OR TIED.
MM INDICATES DATA IS MISSING.
T  INDICATES TRACE AMOUNT.




$$
