202
CDUS42 KGSP 250635 RRB
CLIAVL

CLIMATE REPORT
NATIONAL WEATHER SERVICE GREENVILLE-SPARTANBURG SC
234 AM EDT FRI MAY 25 2018


...................................

...THE ASHEVILLE NC CLIMATE SUMMARY FOR MAY 24 2018...

CLIMATE NORMAL PERIOD 1981 TO 2010
CLIMATE RECORD PERIOD 1869 TO 2018


WEATHER ITEM   OBSERVED TIME   RECORD YEAR NORMAL DEPARTURE LAST
                VALUE   (LST)  VALUE       VALUE  FROM      YEAR
                                                  NORMAL
..................................................................
TEMPERATURE (F)
 YESTERDAY
  MAXIMUM         77    324 PM  90    1939  77      0       71
                                      1903
  MINIMUM         62    628 AM  36    1931  54      8       58
  AVERAGE         70                        65      5       65

PRECIPITATION (IN)
  YESTERDAY        0.00          2.28 1959   0.11  -0.11     0.33
  MONTH TO DATE    9.69                      2.78   6.91     6.86
  SINCE MAR 1     17.44                      9.94   7.50    18.43
  SINCE JAN 1     27.05                     17.37   9.68    22.85

SNOWFALL (IN)
  YESTERDAY        0.0           0.0    MM   0.0             0.0
  MONTH TO DATE    0.0                       0.0             0.0
  SINCE MAR 1      1.2                       2.6             2.1
  SINCE JUL 1     12.0                       9.9             9.4
  SNOW DEPTH       0

DEGREE DAYS
 HEATING
  YESTERDAY        0                         2     -2        0
  MONTH TO DATE   13                        97    -84       63
  SINCE MAR 1    928                       952    -24      722
  SINCE JUL 1   3778                      4169   -391     3116

 COOLING
  YESTERDAY        5                         2      3        0
  MONTH TO DATE  105                        32     73       48
  SINCE MAR 1    109                        40     69       76
  SINCE JAN 1    113                        40     73       76
..................................................................


WIND (MPH)
  HIGHEST WIND SPEED    13   HIGHEST WIND DIRECTION    SE (150)
  HIGHEST GUST SPEED    17   HIGHEST GUST DIRECTION    SE (150)
  AVERAGE WIND SPEED     4.6


SKY COVER
  POSSIBLE SUNSHINE  MM
  AVERAGE SKY COVER 0.5


WEATHER CONDITIONS
 THE FOLLOWING WEATHER WAS RECORDED YESTERDAY.
  FOG


RELATIVE HUMIDITY (PERCENT)
 HIGHEST    93           200 AM
 LOWEST     64          1000 AM
 AVERAGE    79

..........................................................


THE ASHEVILLE NC CLIMATE NORMALS FOR TODAY
                         NORMAL    RECORD    YEAR
 MAXIMUM TEMPERATURE (F)   77        89      1896
 MINIMUM TEMPERATURE (F)   54        39      1925


SUNRISE AND SUNSET
MAY 25 2018...........SUNRISE   619 AM EDT   SUNSET   835 PM EDT
MAY 26 2018...........SUNRISE   619 AM EDT   SUNSET   836 PM EDT


-  INDICATES NEGATIVE NUMBERS.
R  INDICATES RECORD WAS SET OR TIED.
MM INDICATES DATA IS MISSING.
T  INDICATES TRACE AMOUNT.

$$
