000
CDUS41 KCAR 250548
CLIBGR


CLIMATE REPORT
NATIONAL WEATHER SERVICE CARIBOU, ME
147 AM EDT WED APR 25 2018


...................................

...THE BANGOR ME CLIMATE SUMMARY FOR APRIL 24 2018...

CLIMATE NORMAL PERIOD 1981 TO 2010
CLIMATE RECORD PERIOD 1925 TO 2018


WEATHER ITEM   OBSERVED TIME   RECORD YEAR NORMAL DEPARTURE LAST
                VALUE   (LST)  VALUE       VALUE  FROM      YEAR
                                                  NORMAL
..................................................................
TEMPERATURE (F)
 YESTERDAY
  MAXIMUM         70    138 PM  79    1942  57     13       59
  MINIMUM         39    504 AM  22    1944  35      4       32
  AVERAGE         55                        46      9       46

PRECIPITATION (IN)
  YESTERDAY        0.00          2.49 1983   0.11  -0.11     0.00
  MONTH TO DATE    2.47                      2.90  -0.43     2.78
  SINCE MAR 1      4.65                      6.28  -1.63     4.85
  SINCE JAN 1     13.17                     11.69   1.48    10.74

SNOWFALL (IN)
  YESTERDAY        0.0           5.5  1974   0.1             0.0
  MONTH TO DATE    2.3                       3.6             2.3
  SINCE MAR 1     35.3                      15.3            19.3
  SINCE JUL 1    111.3                      66.0            82.6
  SNOW DEPTH       0

DEGREE DAYS
 HEATING
  YESTERDAY       10                        19     -9       19
  MONTH TO DATE  646                       569     77      504
  SINCE MAR 1   1684                      1646     38     1718
  SINCE JUL 1   6902                      7292   -390     6846

 COOLING
  YESTERDAY        0                         0      0        0
  MONTH TO DATE    0                         0      0        0
  SINCE MAR 1      0                         0      0        0
  SINCE JAN 1      0                         0      0        0
..................................................................


WIND (MPH)
  RESULTANT WIND SPEED  10   RESULTANT WIND DIRECTION   S (190)
  HIGHEST WIND SPEED    23   HIGHEST WIND DIRECTION     S (190)
  HIGHEST GUST SPEED    30   HIGHEST GUST DIRECTION     S (180)


SKY COVER
  POSSIBLE SUNSHINE  MM
  AVERAGE SKY COVER 0.4


WEATHER CONDITIONS
 THE FOLLOWING WEATHER WAS RECORDED YESTERDAY.
  NO SIGNIFICANT WEATHER WAS OBSERVED.


RELATIVE HUMIDITY (PERCENT)
 HIGHEST    71
 LOWEST     24
 AVERAGE    48

..........................................................


THE BANGOR ME CLIMATE NORMALS FOR TODAY
                         NORMAL    RECORD    YEAR
 MAXIMUM TEMPERATURE (F)   57        79      1942
 MINIMUM TEMPERATURE (F)   36        21      1965


SUNRISE AND SUNSET
APRIL 25 2018.........SUNRISE   534 AM EDT   SUNSET   733 PM EDT
APRIL 26 2018.........SUNRISE   533 AM EDT   SUNSET   734 PM EDT


-  INDICATES NEGATIVE NUMBERS.
R  INDICATES RECORD WAS SET OR TIED.
MM INDICATES DATA IS MISSING.
T  INDICATES TRACE AMOUNT.




$$
