000
CDUS43 KBIS 220023
CLIBIS


CLIMATE REPORT
NATIONAL WEATHER SERVICE BISMARCK ND
722 PM CDT SAT APR 21 2018


...................................

...THE BISMARCK ND CLIMATE SUMMARY FOR APRIL 21 2018...
VALID TODAY AS OF 0500 PM LOCAL TIME.

CLIMATE NORMAL PERIOD 1981 TO 2010
CLIMATE RECORD PERIOD 1875 TO 2018


WEATHER ITEM   OBSERVED TIME   RECORD YEAR NORMAL DEPARTURE LAST
                VALUE   (LST)  VALUE       VALUE  FROM      YEAR
                                                  NORMAL
..................................................................
TEMPERATURE (F)
 TODAY
  MAXIMUM         64    332 PM  93    1980  60      4       65
  MINIMUM         34    134 AM  18    1936  33      1       32
  AVERAGE         49                        46      3       49

PRECIPITATION (IN)
  TODAY            0.00          1.44 1885   0.04  -0.04     0.00
  MONTH TO DATE    0.27                      0.79  -0.52     0.83
  SINCE MAR 1      1.84                      1.66   0.18     1.35
  SINCE JAN 1      2.59                      2.60  -0.01     2.75

SNOWFALL (IN)
  TODAY            0.0           1.4  1924
  MONTH TO DATE    5.3
  SINCE MAR 1     26.3
  SINCE JUL 1     44.1

DEGREE DAYS
 HEATING
  TODAY           16                        19     -3       16
  MONTH TO DATE  742                       486    256      373
  SINCE MAR 1   1929                      1574    355     1416
  SINCE JUL 1   8245                      8005    240     7418

 COOLING
  TODAY            0                         0      0        0
  MONTH TO DATE    0                         0      0        0
  SINCE MAR 1      0                         0      0        0
  SINCE JAN 1      0                         0      0        0
..................................................................


WIND (MPH)
  RESULTANT WIND SPEED  12   RESULTANT WIND DIRECTION   S (170)
  HIGHEST WIND SPEED    29   HIGHEST WIND DIRECTION     S (170)
  HIGHEST GUST SPEED    36   HIGHEST GUST DIRECTION     S (170)
  AVERAGE WIND SPEED    13.3


SKY COVER
  POSSIBLE SUNSHINE  MM
  AVERAGE SKY COVER 0.1


WEATHER CONDITIONS
 THE FOLLOWING WEATHER WAS RECORDED TODAY.
  NO SIGNIFICANT WEATHER WAS OBSERVED.


RELATIVE HUMIDITY (PERCENT)
 HIGHEST    92          1200 AM
 LOWEST     34           100 PM
 AVERAGE    63

..........................................................


THE BISMARCK ND CLIMATE NORMALS FOR TOMORROW
                         NORMAL    RECORD    YEAR
 MAXIMUM TEMPERATURE (F)   60        89      1990
 MINIMUM TEMPERATURE (F)   33        14      1909


SUNRISE AND SUNSET
APRIL 21 2018.........SUNRISE   645 AM CDT   SUNSET   840 PM CDT
APRIL 22 2018.........SUNRISE   643 AM CDT   SUNSET   841 PM CDT


-  INDICATES NEGATIVE NUMBERS.
R  INDICATES RECORD WAS SET OR TIED.
MM INDICATES DATA IS MISSING.
T  INDICATES TRACE AMOUNT.




$$
