000
CDUS46 KBOI 230932
CLIBKE


CLIMATE REPORT
NATIONAL WEATHER SERVICE BOISE ID
331 AM MDT MON APR 23 2018


...................................

...THE BAKER OR CLIMATE SUMMARY FOR APRIL 22 2018...

CLIMATE NORMAL PERIOD 1981 TO 2010
CLIMATE RECORD PERIOD 1928 TO 2018


WEATHER ITEM   OBSERVED TIME   RECORD YEAR NORMAL DEPARTURE LAST
                VALUE   (LST)  VALUE       VALUE  FROM      YEAR
                                                  NORMAL
..................................................................
TEMPERATURE (F)
 YESTERDAY
  MAXIMUM         60    304 PM  84    1934  59      1       63
  MINIMUM         27    533 AM  18    1968  30     -3       34
  AVERAGE         44                        45     -1       49

PRECIPITATION (IN)
  YESTERDAY        0.00          0.54 1979   0.03  -0.03      T
  MONTH TO DATE    0.61                      0.58   0.03     0.47
  SINCE OCT 1      3.97                      5.29  -1.32     5.81
  SINCE JAN 1      2.71                      2.78  -0.07     3.07

DEGREE DAYS
 HEATING
  YESTERDAY       21                        20      1       16
  MONTH TO DATE  436                       492    -56      514
  SINCE MAR 1   1217                      1340   -123     1246
  SINCE JUL 1   5976                      6860   -884     7074

 COOLING
  YESTERDAY        0                         0      0        0
  MONTH TO DATE    0                         0      0        0
  SINCE MAR 1      0                         0      0        0
  SINCE JAN 1      0                         0      0        0
..................................................................


WIND (MPH)
  RESULTANT WIND SPEED  12   RESULTANT WIND DIRECTION  NW (310)
  HIGHEST WIND SPEED    28   HIGHEST WIND DIRECTION    NW (320)
  HIGHEST GUST SPEED    34   HIGHEST GUST DIRECTION    NW (320)
  AVERAGE WIND SPEED    14.1


SKY COVER
  AVERAGE SKY COVER 0.0


WEATHER CONDITIONS
 THE FOLLOWING WEATHER WAS RECORDED YESTERDAY.
  NO SIGNIFICANT WEATHER WAS OBSERVED.


RELATIVE HUMIDITY (PERCENT)
 HIGHEST    75           300 AM
 LOWEST     23           200 PM
 AVERAGE    49

..........................................................


THE BAKER OR CLIMATE NORMALS FOR TODAY
                         NORMAL    RECORD    YEAR
 MAXIMUM TEMPERATURE (F)   60        86      1977
 MINIMUM TEMPERATURE (F)   30        12      2013


SUNRISE AND SUNSET
APRIL 23 2018.........SUNRISE   553 AM PDT   SUNSET   747 PM PDT
APRIL 24 2018.........SUNRISE   552 AM PDT   SUNSET   748 PM PDT


-  INDICATES NEGATIVE NUMBERS.
R  INDICATES RECORD WAS SET OR TIED.
MM INDICATES DATA IS MISSING.
T  INDICATES TRACE AMOUNT.




$$
