000
CDUS41 KRLX 230732
CLIBKW


CLIMATE REPORT
NATIONAL WEATHER SERVICE CHARLESTON WV
332 AM EDT WED MAY 23 2018


...................................

...THE BECKLEY WV CLIMATE SUMMARY FOR MAY 22 2018...

CLIMATE NORMAL PERIOD 1981 TO 2010
CLIMATE RECORD PERIOD 1963 TO 2018


WEATHER ITEM   OBSERVED TIME   RECORD YEAR NORMAL DEPARTURE LAST
                VALUE   (LST)  VALUE       VALUE  FROM      YEAR
                                                  NORMAL
..................................................................
TEMPERATURE (F)
 YESTERDAY
  MAXIMUM         76    340 PM  92    1941  71      5       69
  MINIMUM         60   1139 PM  27    2002  51      9       52
  AVERAGE         68                        61      7       61

PRECIPITATION (IN)
  YESTERDAY        0.19          1.85 1982   0.16   0.03      T
  MONTH TO DATE    4.06                      3.27   0.79     4.57
  SINCE JAN 1     21.22                     15.77   5.45    18.33

SNOWFALL (IN)
  YESTERDAY        0.0           0.0  2017   0.0    0.0      0.0
  MONTH TO DATE    0.0                       0.1   -0.1      0.0
  SINCE SEP 1     54.5                      62.0   -7.5     26.0
  SNOW DEPTH       0

DEGREE DAYS
 HEATING
  YESTERDAY        0                         5     -5        4
  MONTH TO DATE   33                       155   -122      136
  SINCE MAR 1   1382                      1263    119     1052
  SINCE JUL 1   5072                      5264   -192     4186

 COOLING
  YESTERDAY        3                         1      2        0
  MONTH TO DATE   76                        16     60       29
  SINCE MAR 1     87                        26     61       60
  SINCE JAN 1     88                        26     62       60
..................................................................


WIND (MPH)
  HIGHEST WIND SPEED    16   HIGHEST WIND DIRECTION    SW (210)
  HIGHEST GUST SPEED    21   HIGHEST GUST DIRECTION     S (200)
  AVERAGE WIND SPEED     5.7


SKY COVER
  POSSIBLE SUNSHINE  MM
  AVERAGE SKY COVER 0.6


WEATHER CONDITIONS
 THE FOLLOWING WEATHER WAS RECORDED YESTERDAY.
  HEAVY RAIN
  LIGHT RAIN
  FOG


RELATIVE HUMIDITY (PERCENT)
 HIGHEST    93          1200 AM
 LOWEST     64          1100 AM
 AVERAGE    79

..........................................................


THE BECKLEY WV CLIMATE NORMALS FOR TODAY
                         NORMAL    RECORD    YEAR
 MAXIMUM TEMPERATURE (F)   72        88      1902
 MINIMUM TEMPERATURE (F)   51        30      1907


SUNRISE AND SUNSET
MAY 23 2018...........SUNRISE   609 AM EDT   SUNSET   834 PM EDT
MAY 24 2018...........SUNRISE   608 AM EDT   SUNSET   835 PM EDT


-  INDICATES NEGATIVE NUMBERS.
R  INDICATES RECORD WAS SET OR TIED.
MM INDICATES DATA IS MISSING.
T  INDICATES TRACE AMOUNT.




$$
