000
CDUS46 KSEW 250836
CLIBLI


CLIMATE REPORT
NATIONAL WEATHER SERVICE SEATTLE WA
136 AM PDT WED APR 25 2018


...................................

...THE BELLINGHAM WA AIRPORT CLIMATE SUMMARY FOR APRIL 24 2018...

CLIMATE NORMAL PERIOD 1981 TO 2010
CLIMATE RECORD PERIOD 1949 TO 2018


WEATHER ITEM   OBSERVED TIME   RECORD YEAR NORMAL DEPARTURE LAST
                VALUE   (LST)  VALUE       VALUE  FROM      YEAR
                                                  NORMAL
..................................................................
TEMPERATURE (F)
 YESTERDAY
  MAXIMUM         69    223 PM  73    1989  58     11       57
  MINIMUM         36    433 AM  30    2002  41     -5       46
                                      1951
  AVERAGE         53                        50      3       52

PRECIPITATION (IN)
  YESTERDAY        0.00          1.15 2014   0.08  -0.08      T
  MONTH TO DATE    3.05                      2.22   0.83     2.69
  SINCE OCT 1     33.14                     26.83   6.31    33.67
  SINCE JAN 1     15.52                     13.13   2.39    14.55

DEGREE DAYS
 HEATING
  YESTERDAY       12                        15     -3       13
  MONTH TO DATE  397                       408    -11      342
  SINCE MAR 1   1060                      1051      9      948

 COOLING
  YESTERDAY        0                         0      0        0
  MONTH TO DATE    0                         0      0        0
  SINCE MAR 1      0                         0      0        0
  SINCE JAN 1      0                         0      0        0
..................................................................


WIND (MPH)
  RESULTANT WIND SPEED   1   RESULTANT WIND DIRECTION  NW (320)
  HIGHEST WIND SPEED    10   HIGHEST WIND DIRECTION     W (280)
  HIGHEST GUST SPEED    15   HIGHEST GUST DIRECTION     W (290)
  AVERAGE WIND SPEED     3.8


SKY COVER
  AVERAGE SKY COVER 0.0


WEATHER CONDITIONS
 THE FOLLOWING WEATHER WAS RECORDED YESTERDAY.
  FOG


RELATIVE HUMIDITY (PERCENT)
 HIGHEST   100           300 AM
 LOWEST     37          1000 AM
 AVERAGE    69

..........................................................


THE BELLINGHAM WA AIRPORT CLIMATE NORMALS FOR TODAY
                         NORMAL    RECORD    YEAR
 MAXIMUM TEMPERATURE (F)   58        76      1992
 MINIMUM TEMPERATURE (F)   41        29      1955


SUNRISE AND SUNSET
APRIL 25 2018.........SUNRISE   600 AM PDT   SUNSET   817 PM PDT
APRIL 26 2018.........SUNRISE   558 AM PDT   SUNSET   818 PM PDT


-  INDICATES NEGATIVE NUMBERS.
R  INDICATES RECORD WAS SET OR TIED.
MM INDICATES DATA IS MISSING.
T  INDICATES TRACE AMOUNT.




$$
