135
CDAK49 PAFG 270115
CLIBRW

CLIMATE REPORT
NATIONAL WEATHER SERVICE FAIRBANKS AK
515 PM AKDT THU APR 26 2018


...................................

...THE BARROW AK CLIMATE SUMMARY FOR APRIL 26 2018...
VALID TODAY AS OF 0400 PM LOCAL TIME.

CLIMATE NORMAL PERIOD 1981 TO 2010
CLIMATE RECORD PERIOD 1920 TO 2018


WEATHER ITEM   OBSERVED TIME   RECORD YEAR NORMAL DEPARTURE LAST
                VALUE   (LST)  VALUE       VALUE  FROM      YEAR
                                                  NORMAL
..................................................................
TEMPERATURE (F)
 TODAY
  MAXIMUM         30    259 PM  39    2009  15     15        9
  MINIMUM         10    653 AM -27    1924   3      7        5
  AVERAGE         20                         9     11        7

PRECIPITATION (IN)
  TODAY            0.00          0.06 2002   0.01  -0.01      T
                                      1973
  MONTH TO DATE    0.02                      0.14  -0.12      T
  SINCE MAR 1      0.60                      0.23   0.37     0.30
  SINCE JAN 1      1.00                      0.50   0.50     1.17

SNOWFALL (IN)
  TODAY            0.0           1.2  1973   0.1   -0.1       T
  MONTH TO DATE    0.3                       2.8   -2.5      0.6
  SINCE MAR 1      6.2                       4.9    1.3      3.0
  SINCE JUL 1     33.4                      33.9   -0.5     29.9
  SNOW DEPTH      11

DEGREE DAYS
 HEATING
  TODAY           45                        56    -11       58
  MONTH TO DATE 1331                      1678   -347     1501
  SINCE MAR 1   3358                      4085   -727     3738
  SINCE JUL 1  13961                     16942  -2981    14700

 COOLING
  TODAY            0                         0      0        0
  MONTH TO DATE    0                         0      0        0
  SINCE MAR 1      0                         0      0        0
  SINCE JAN 1      0                         0      0        0
..................................................................


WIND (MPH)
  HIGHEST GUST SPEED    15   HIGHEST GUST DIRECTION    SE (120)


SKY COVER
  AVERAGE SKY COVER 0.0


WEATHER CONDITIONS
 THE FOLLOWING WEATHER WAS RECORDED TODAY.
  NO SIGNIFICANT WEATHER WAS OBSERVED.


RELATIVE HUMIDITY (PERCENT)
 HIGHEST    96
 LOWEST     81
 AVERAGE    89

..........................................................


THE BARROW AK CLIMATE NORMALS FOR TOMORROW
                         NORMAL    RECORD    YEAR
 MAXIMUM TEMPERATURE (F)   16        37      1967
 MINIMUM TEMPERATURE (F)    3       -22      1949


SUNRISE AND SUNSET
APRIL 26 2018.........SUNRISE   507 AM AKDT  SUNSET  1148 PM AKDT
APRIL 27 2018.........SUNRISE   501 AM AKDT  SUNSET  1155 PM AKDT

-  INDICATES NEGATIVE NUMBERS.
R  INDICATES RECORD WAS SET OR TIED.
MM INDICATES DATA IS MISSING.
T  INDICATES TRACE AMOUNT.

&&

SNOW DEPTH IS MEASURED AT 3AM AKST/4AM AKDT.

----------------------------
AVAILABLE DAYLIGHT

AMOUNT OF DAYLIGHT TODAY  (HOUR:MIN)........18:41
GAIN/LOSS SINCE YESTERDAY (HOUR:MIN:SEC)....+0:12:23

$$
HFL APR 18
