000
CDUS45 KMSO 202251
CLIBTM


CLIMATE REPORT
NATIONAL WEATHER SERVICE MISSOULA, MT
450 PM MDT FRI APR 20 2018


...................................

...THE BUTTE MT CLIMATE SUMMARY FOR APRIL 20 2018...
VALID TODAY AS OF 0400 PM LOCAL TIME.

CLIMATE NORMAL PERIOD 1981 TO 2010
CLIMATE RECORD PERIOD 1895 TO 2018


WEATHER ITEM   OBSERVED TIME   RECORD YEAR NORMAL DEPARTURE LAST
                VALUE   (LST)  VALUE       VALUE  FROM      YEAR
                                                  NORMAL
..................................................................
TEMPERATURE (F)
 TODAY
  MAXIMUM         60    252 PM  77    1989  53      7       52
  MINIMUM         26    631 AM   1    2008  27     -1       27
  AVERAGE         43                        40      3       40

PRECIPITATION (IN)
  TODAY            0.00          0.51 2001   0.04  -0.04     0.17
  MONTH TO DATE    1.09                      0.74   0.35     1.21
  SINCE OCT 1      4.22                      4.29  -0.07     6.15
  SINCE JAN 1      2.78                      2.40   0.38     2.93

SNOWFALL (IN)
  TODAY            0.0
  MONTH TO DATE    0.0
  SINCE JAN 1      0.0
  SINCE JUL 1      0.0
  SNOW DEPTH       0

DEGREE DAYS
 HEATING
  TODAY           22                        25     -3       25
  MONTH TO DATE  569                       545     24      518
  SINCE MAR 1   1646                      1587     59     1359
  SINCE JUL 1   8134                      8156    -22     8143

 COOLING
  TODAY            0                         0      0        0
  MONTH TO DATE    0                         0      0        0
  SINCE MAR 1      0                         0      0        0
  SINCE JAN 1      0                         0      0        0
..................................................................


WIND (MPH)
  HIGHEST WIND SPEED    12   HIGHEST WIND DIRECTION    NW (310)
  HIGHEST GUST SPEED    17   HIGHEST GUST DIRECTION     W (290)
  AVERAGE WIND SPEED     4.1


SKY COVER
  POSSIBLE SUNSHINE  MM
  AVERAGE SKY COVER 0.0


WEATHER CONDITIONS
 THE FOLLOWING WEATHER WAS RECORDED TODAY.
  NO SIGNIFICANT WEATHER WAS OBSERVED.


RELATIVE HUMIDITY (PERCENT)
 HIGHEST    84           700 AM
 LOWEST     21           300 PM
 AVERAGE    53

..........................................................


THE BUTTE MT CLIMATE NORMALS FOR TOMORROW
                         NORMAL    RECORD    YEAR
 MAXIMUM TEMPERATURE (F)   53        76      1906
 MINIMUM TEMPERATURE (F)   27         3      2008


SUNRISE AND SUNSET
APRIL 20 2018.........SUNRISE   635 AM MDT   SUNSET   824 PM MDT
APRIL 21 2018.........SUNRISE   633 AM MDT   SUNSET   825 PM MDT


-  INDICATES NEGATIVE NUMBERS.
R  INDICATES RECORD WAS SET OR TIED.
MM INDICATES DATA IS MISSING.
T  INDICATES TRACE AMOUNT.




$$
