000
CDUS44 KLIX 260701
CLIBTR


CLIMATE REPORT
NATIONAL WEATHER SERVICE NEW ORLEANS
200 AM CDT THU APR 26 2018


...................................

...THE BATON ROUGE  ASOS CLIMATE SUMMARY FOR APRIL 25 2018...

CLIMATE NORMAL PERIOD 1981 TO 2010
CLIMATE RECORD PERIOD 1894 TO 2018


WEATHER ITEM   OBSERVED TIME   RECORD YEAR NORMAL DEPARTURE LAST
                VALUE   (LST)  VALUE       VALUE  FROM      YEAR
                                                  NORMAL
..................................................................
TEMPERATURE (F)
 YESTERDAY
  MAXIMUM         82    444 PM  89    2011  81      1       81
                                      1967
                                      1925
  MINIMUM         54    424 AM  42    1910  59     -5       52
  AVERAGE         68                        70     -2       67

PRECIPITATION (IN)
  YESTERDAY        0.00          2.24 1926   0.14  -0.14     0.00
  MONTH TO DATE    5.16                      3.77   1.39     4.54
  SINCE MAR 1     10.24                      8.18   2.06     8.28
  SINCE JAN 1     21.43                     18.94   2.49    19.71

SNOWFALL (IN)
  YESTERDAY        0.0
  MONTH TO DATE    0.0
  SINCE MAR 1      0.0
  SINCE JUL 1      4.0
  SNOW DEPTH       0

DEGREE DAYS
 HEATING
  YESTERDAY        0                         1     -1        0
  MONTH TO DATE   73                        49     24       11
  SINCE MAR 1    203                       216    -13       95
  SINCE JUL 1   1488                      1551    -63      799

 COOLING
  YESTERDAY        3                         6     -3        2
  MONTH TO DATE   38                       109    -71      145
  SINCE MAR 1    119                       167    -48      283
  SINCE JAN 1    238                       198     40      426
..................................................................


WIND (MPH)
  HIGHEST WIND SPEED    18   HIGHEST WIND DIRECTION    SW (210)
  HIGHEST GUST SPEED    23   HIGHEST GUST DIRECTION     S (200)
  AVERAGE WIND SPEED     4.6


SKY COVER
  POSSIBLE SUNSHINE  MM
  AVERAGE SKY COVER 0.0


WEATHER CONDITIONS
 THE FOLLOWING WEATHER WAS RECORDED YESTERDAY.
  FOG


RELATIVE HUMIDITY (PERCENT)
 HIGHEST    93           100 AM
 LOWEST     39           200 PM
 AVERAGE    66

..........................................................


THE BATON ROUGE  ASOS CLIMATE NORMALS FOR TODAY
                         NORMAL    RECORD    YEAR
 MAXIMUM TEMPERATURE (F)   82        89      1989
                                             1963
 MINIMUM TEMPERATURE (F)   60        46      2001
                                             1983


SUNRISE AND SUNSET
APRIL 26 2018.........SUNRISE   626 AM CDT   SUNSET   740 PM CDT
APRIL 27 2018.........SUNRISE   625 AM CDT   SUNSET   740 PM CDT


-  INDICATES NEGATIVE NUMBERS.
R  INDICATES RECORD WAS SET OR TIED.
MM INDICATES DATA IS MISSING.
T  INDICATES TRACE AMOUNT.




$$
