000
CDUS43 KLMK 250627
CLIBWG


CLIMATE REPORT
NATIONAL WEATHER SERVICE LOUISVILLE KY
226 AM EDT FRI MAY 25 2018


...................................

...THE BOWLING GREEN KY CLIMATE SUMMARY FOR MAY 24 2018...

CLIMATE NORMAL PERIOD 1981 TO 2010
CLIMATE RECORD PERIOD 1870 TO 2018


WEATHER ITEM   OBSERVED TIME   RECORD YEAR NORMAL DEPARTURE LAST
                VALUE   (LST)  VALUE       VALUE  FROM      YEAR
                                                  NORMAL
..................................................................
TEMPERATURE (F)
 YESTERDAY
  MAXIMUM         87    339 PM  96    1912  80      7       67
  MINIMUM         64    453 AM  39    1931  57      7       56
                                      1893
  AVERAGE         76                        69      7       62

PRECIPITATION (IN)
  YESTERDAY        0.00          1.92 2000   0.17  -0.17     0.71
  MONTH TO DATE    3.43                      4.39  -0.96     5.11
  SINCE MAR 1     11.52                     13.14  -1.62    13.48
  SINCE JAN 1     22.39                     20.71   1.68    20.06

SNOWFALL (IN)
  YESTERDAY        0.0           0.0    MM   0.0    0.0      0.0
  MONTH TO DATE    0.0                       0.0    0.0      0.0
  SINCE MAR 1      2.6                       1.3    1.3       T
  SINCE JUL 1     11.0                       9.1    1.9      0.7
  SNOW DEPTH       0

DEGREE DAYS
 HEATING
  YESTERDAY        0                         1     -1        3
  MONTH TO DATE    2                        67    -65       60
  SINCE MAR 1    912                       838     74      608
  SINCE JUL 1   3926                      4036   -110     2989

 COOLING
  YESTERDAY       11                         5      6        0
  MONTH TO DATE  215                        77    138      104
  SINCE MAR 1    226                       113    113      194
  SINCE JAN 1    241                       113    128      198
..................................................................


WIND (MPH)
  HIGHEST WIND SPEED    12   HIGHEST WIND DIRECTION    NE (50)
  HIGHEST GUST SPEED    14   HIGHEST GUST DIRECTION    NE (60)
  AVERAGE WIND SPEED     2.7


SKY COVER
  POSSIBLE SUNSHINE  MM
  AVERAGE SKY COVER 0.1


WEATHER CONDITIONS
 THE FOLLOWING WEATHER WAS RECORDED YESTERDAY.
  NO SIGNIFICANT WEATHER WAS OBSERVED.


RELATIVE HUMIDITY (PERCENT)
 HIGHEST    93           200 AM
 LOWEST     48           200 PM
 AVERAGE    71

..........................................................


THE BOWLING GREEN KY CLIMATE NORMALS FOR TODAY
                         NORMAL    RECORD    YEAR
 MAXIMUM TEMPERATURE (F)   80        99      1926
 MINIMUM TEMPERATURE (F)   58        38      1925


SUNRISE AND SUNSET
MAY 25 2018...........SUNRISE   531 AM CDT   SUNSET   755 PM CDT
MAY 26 2018...........SUNRISE   530 AM CDT   SUNSET   756 PM CDT


-  INDICATES NEGATIVE NUMBERS.
R  INDICATES RECORD WAS SET OR TIED.
MM INDICATES DATA IS MISSING.
T  INDICATES TRACE AMOUNT.




$$
