000
CDUS41 KLWX 270524
CLIBWI


CLIMATE REPORT
NATIONAL WEATHER SERVICE BALTIMORE MD/WASHINGTON DC
123 AM EDT FRI APR 27 2018


...................................

...THE BALTIMORE MD CLIMATE SUMMARY FOR APRIL 26 2018...

CLIMATE NORMAL PERIOD 1981 TO 2010
CLIMATE RECORD PERIOD 1871 TO 2018


WEATHER ITEM   OBSERVED TIME   RECORD YEAR NORMAL DEPARTURE LAST
                VALUE   (LST)  VALUE       VALUE  FROM      YEAR
                                                  NORMAL
..................................................................
TEMPERATURE (F)
 YESTERDAY
  MAXIMUM         69    505 PM  92    1990  68      1       66
  MINIMUM         45    518 AM  32    2001  46     -1       55
  AVERAGE         57                        57      0       61

PRECIPITATION (IN)
  YESTERDAY        0.00          3.74 1937   0.11  -0.11      T
  MONTH TO DATE    2.66                      2.77  -0.11     3.52
  SINCE MAR 1      4.91                      6.67  -1.76     7.34
  SINCE JAN 1     11.21                     12.62  -1.41    11.49

SNOWFALL (IN)
  YESTERDAY        0.0           T    1919   0.0    0.0
  MONTH TO DATE    0.0                       0.0    0.0
  SINCE JUL 1     15.4                      20.1   -4.7
  SNOW DEPTH       0

DEGREE DAYS
 HEATING
  YESTERDAY        8                         9     -1        4
  MONTH TO DATE  361                       322     39      182
  SINCE MAR 1   1121                       988    133      829
  SINCE JUL 1   4433                      4583   -150     3720

 COOLING
  YESTERDAY        0                         1     -1        0
  MONTH TO DATE   21                         8     13       23
  SINCE MAR 1     21                         9     12       23
  SINCE JAN 1     22                         9     13       23
..................................................................


WIND (MPH)
  HIGHEST WIND SPEED    21   HIGHEST WIND DIRECTION     W (290)
  HIGHEST GUST SPEED    26   HIGHEST GUST DIRECTION    NW (300)
  AVERAGE WIND SPEED     9.8


SKY COVER
  POSSIBLE SUNSHINE  MM
  AVERAGE SKY COVER 0.5


WEATHER CONDITIONS
 THE FOLLOWING WEATHER WAS RECORDED YESTERDAY.
  NO SIGNIFICANT WEATHER WAS OBSERVED.


RELATIVE HUMIDITY (PERCENT)
 HIGHEST    93          1200 AM
 LOWEST     26           500 PM
 AVERAGE    60

..........................................................


THE BALTIMORE MD CLIMATE NORMALS FOR TODAY
                         NORMAL    RECORD    YEAR
 MAXIMUM TEMPERATURE (F)   69        92      1994
 MINIMUM TEMPERATURE (F)   46        35      2001


SUNRISE AND SUNSET
APRIL 27 2018.........SUNRISE   613 AM EDT   SUNSET   756 PM EDT
APRIL 28 2018.........SUNRISE   612 AM EDT   SUNSET   757 PM EDT


-  INDICATES NEGATIVE NUMBERS.
R  INDICATES RECORD WAS SET OR TIED.
MM INDICATES DATA IS MISSING.
T  INDICATES TRACE AMOUNT.




$$
