000
CDUS42 KCAE 260618
CLICAE


CLIMATE REPORT
NATIONAL WEATHER SERVICE COLUMBIA SC
218 AM EDT THU APR 26 2018


...................................

...THE COLUMBIA METRO AIRPORT SC CLIMATE SUMMARY FOR APRIL 25 2018...

CLIMATE NORMAL PERIOD 1981 TO 2010
CLIMATE RECORD PERIOD 1887 TO 2018


WEATHER ITEM   OBSERVED TIME   RECORD YEAR NORMAL DEPARTURE LAST
                VALUE   (LST)  VALUE       VALUE  FROM      YEAR
                                                  NORMAL
..................................................................
TEMPERATURE (F)
 YESTERDAY
  MAXIMUM         79    123 PM  93    1960  79      0       75
  MINIMUM         57    611 AM  35    1974  53      4       57
  AVERAGE         68                        66      2       66

PRECIPITATION (IN)
  YESTERDAY        0.00          2.48 1979   0.08  -0.08     0.01
  MONTH TO DATE    2.95                      2.18   0.77     6.09
  SINCE MAR 1      5.92                      5.91   0.01     8.47
  SINCE JAN 1      9.95                     13.10  -3.15    17.11

SNOWFALL (IN)
  YESTERDAY        0.0          MM      MM   0.0             0.0
  MONTH TO DATE    0.0                       0.0             0.0
  SINCE MAR 1      0.0                       0.1              T
  SINCE JUL 1      T                         1.5             0.1

DEGREE DAYS
 HEATING
  YESTERDAY        0                         3     -3        0
  MONTH TO DATE  110                       112     -2       38
  SINCE MAR 1    449                       422     27      312
  SINCE JUL 1   2173                      2521   -348     1653

 COOLING
  YESTERDAY        3                         3      0        1
  MONTH TO DATE   45                        54     -9      114
  SINCE MAR 1     57                        72    -15      163
  SINCE JAN 1    117                        76     41      181
..................................................................


WIND (MPH)
  HIGHEST WIND SPEED    17   HIGHEST WIND DIRECTION     W (290)
  HIGHEST GUST SPEED    21   HIGHEST GUST DIRECTION    NW (300)
  AVERAGE WIND SPEED     6.5


SKY COVER
  AVERAGE SKY COVER 0.4


WEATHER CONDITIONS
 THE FOLLOWING WEATHER WAS RECORDED YESTERDAY.
  NO SIGNIFICANT WEATHER WAS OBSERVED.


RELATIVE HUMIDITY (PERCENT)
 HIGHEST    93           400 AM
 LOWEST     46           300 PM
 AVERAGE    70

..........................................................


THE COLUMBIA METRO AIRPORT SC CLIMATE NORMALS FOR TODAY
                         NORMAL    RECORD    YEAR
 MAXIMUM TEMPERATURE (F)   79        93      1990
 MINIMUM TEMPERATURE (F)   53        34      1910


SUNRISE AND SUNSET
APRIL 26 2018.........SUNRISE   641 AM EDT   SUNSET   804 PM EDT
APRIL 27 2018.........SUNRISE   640 AM EDT   SUNSET   805 PM EDT


-  INDICATES NEGATIVE NUMBERS.
R  INDICATES RECORD WAS SET OR TIED.
MM INDICATES DATA IS MISSING.
T  INDICATES TRACE AMOUNT.




$$
