000
CDUS41 KCAR 190546
CLICAR


CLIMATE REPORT
NATIONAL WEATHER SERVICE CARIBOU, ME
146 AM EDT THU APR 19 2018


...................................

...THE CARIBOU ME CLIMATE SUMMARY FOR APRIL 18 2018...

CLIMATE NORMAL PERIOD 1981 TO 2010
CLIMATE RECORD PERIOD 1939 TO 2018


WEATHER ITEM   OBSERVED TIME   RECORD YEAR NORMAL DEPARTURE LAST
                VALUE   (LST)  VALUE       VALUE  FROM      YEAR
                                                  NORMAL
..................................................................
TEMPERATURE (F)
 YESTERDAY
  MAXIMUM         43    331 PM  63    1987  49     -6       38
                                      1958
                                      1945
  MINIMUM         34    853 AM   9    2003  31      3       30
  AVERAGE         39                        40     -1       34

PRECIPITATION (IN)
  YESTERDAY        0.02          0.81 1954   0.09  -0.07     0.04
  MONTH TO DATE    2.23                      1.60   0.63     2.28
  SINCE MAR 1      4.93                      4.11   0.82     5.00
  SINCE JAN 1     12.43                      9.03   3.40    10.62

SNOWFALL (IN)
  YESTERDAY        T             6.4  1953   0.2   -0.2      0.3
  MONTH TO DATE    8.7                       5.8    2.9      1.9
  SINCE MAR 1     34.8                      24.1   10.7     25.5
  SINCE JUL 1    137.1                     106.6   30.5    122.1
  SNOW DEPTH      11

DEGREE DAYS
 HEATING
  YESTERDAY       26                        25      1       31
  MONTH TO DATE  632                       531    101      453
  SINCE MAR 1   1749                      1785    -36     1836
  SINCE JUL 1   7952                      8506   -554     7817

 COOLING
  YESTERDAY        0                         0      0        0
  MONTH TO DATE    0                         0      0        0
  SINCE MAR 1      0                         0      0        0
  SINCE JAN 1      0                         0      0        0
..................................................................


WIND (MPH)
  HIGHEST WIND SPEED    15   HIGHEST WIND DIRECTION     W (250)
  HIGHEST GUST SPEED    22   HIGHEST GUST DIRECTION     W (250)
  AVERAGE WIND SPEED     6.7


SKY COVER
  POSSIBLE SUNSHINE  MM
  AVERAGE SKY COVER 1.0


WEATHER CONDITIONS
 THE FOLLOWING WEATHER WAS RECORDED YESTERDAY.
  LIGHT RAIN
  LIGHT SNOW
  FOG


RELATIVE HUMIDITY (PERCENT)
 HIGHEST    96           400 AM
 LOWEST     67           400 PM
 AVERAGE    82

..........................................................


THE CARIBOU ME CLIMATE NORMALS FOR TODAY
                         NORMAL    RECORD    YEAR
 MAXIMUM TEMPERATURE (F)   50        72      1987
 MINIMUM TEMPERATURE (F)   31        17      1961


SUNRISE AND SUNSET
APRIL 19 2018.........SUNRISE   537 AM EDT   SUNSET   726 PM EDT
APRIL 20 2018.........SUNRISE   535 AM EDT   SUNSET   727 PM EDT


-  INDICATES NEGATIVE NUMBERS.
R  INDICATES RECORD WAS SET OR TIED.
MM INDICATES DATA IS MISSING.
T  INDICATES TRACE AMOUNT.




$$
