000
CDUS46 KEKA 200011
CLICEC


CLIMATE REPORT
NATIONAL WEATHER SERVICE EUREKA CA
511 PM PDT THU APR 19 2018


...................................

...THE CRESCENT CITY CA CLIMATE SUMMARY FOR APRIL 19 2018...
VALID TODAY AS OF 0500 PM LOCAL TIME.

CLIMATE NORMAL PERIOD 1981 TO 2010
CLIMATE RECORD PERIOD 1894 TO 2018


WEATHER ITEM   OBSERVED TIME   RECORD YEAR NORMAL DEPARTURE LAST
                VALUE   (LST)  VALUE       VALUE  FROM      YEAR
                                                  NORMAL
..................................................................
TEMPERATURE (F)
 TODAY
  MAXIMUM         58    119 PM  72    1950  55      3       57
  MINIMUM         41    523 AM  32    1968  44     -3       48
  AVERAGE         50                        49      1       53

PRECIPITATION (IN)
  TODAY            0.00          1.87 2017   0.15  -0.15     1.87
  MONTH TO DATE    4.51                      3.75   0.76     6.54
  SINCE OCT 1     43.75                     56.12 -12.37    88.63
  SINCE JAN 1     29.73                     30.88  -1.15    43.53

SNOWFALL (IN)
  TODAY            0.0          MM      MM  MM     MM        0.0
  MONTH TO DATE    0.0                      MM     MM        0.0
  SINCE MAR 1      0.0                      MM     MM        0.0
  SINCE JUL 1      0.0                      MM     MM        0.0
  SNOW DEPTH       0

..................................................................


WIND (MPH)
  HIGHEST WIND SPEED    26   HIGHEST WIND DIRECTION    NW (330)
  HIGHEST GUST SPEED    34   HIGHEST GUST DIRECTION    NW (330)
  AVERAGE WIND SPEED     9.8


SKY COVER
  AVERAGE SKY COVER 0.0


WEATHER CONDITIONS
 THE FOLLOWING WEATHER WAS RECORDED TODAY.
  HAZE


RELATIVE HUMIDITY (PERCENT)
 HIGHEST    82
 LOWEST     59
 AVERAGE    71

..........................................................


THE CRESCENT CITY CA CLIMATE NORMALS FOR TOMORROW
                         NORMAL    RECORD    YEAR
 MAXIMUM TEMPERATURE (F)   55        75      1982
 MINIMUM TEMPERATURE (F)   44        34      1963


SUNRISE AND SUNSET
APRIL 19 2018.........SUNRISE   630 AM PDT   SUNSET   802 PM PDT
APRIL 20 2018.........SUNRISE   629 AM PDT   SUNSET   803 PM PDT


-  INDICATES NEGATIVE NUMBERS.
R  INDICATES RECORD WAS SET OR TIED.
MM INDICATES DATA IS MISSING.
T  INDICATES TRACE AMOUNT.




$$
