000
CDUS43 KDVN 232126
CLICID


CLIMATE REPORT
NATIONAL WEATHER SERVICE QUAD CITIES IA IL
426 PM CDT WED MAY 23 2018


...................................

...THE CEDAR RAPIDS IA CLIMATE SUMMARY FOR MAY 23 2018...
VALID TODAY AS OF 0400 PM LOCAL TIME.

CLIMATE NORMAL PERIOD 1981 TO 2010
CLIMATE RECORD PERIOD 1891 TO 2018


WEATHER ITEM   OBSERVED TIME   RECORD YEAR NORMAL DEPARTURE LAST
                VALUE   (LST)  VALUE       VALUE  FROM      YEAR
                                                  NORMAL
..................................................................
TEMPERATURE (F)
 TODAY
  MAXIMUM         83    259 PM  90    1972  74      9       63
  MINIMUM         60    518 AM  31    1931  52      8       46
  AVERAGE         72                        62     10       55

PRECIPITATION (IN)
  TODAY            0.00         MM      MM   0.13  -0.13      T
  MONTH TO DATE    3.58                      3.04   0.54     2.94
  SINCE MAR 1      5.91                      8.19  -2.28     9.49
  SINCE JAN 1      7.94                     10.33  -2.39    11.66

DEGREE DAYS
 HEATING
  TODAY            0                         4     -4       10
  MONTH TO DATE   43                       165   -122      185
  SINCE MAR 1   1653                      1527    126     1420
  SINCE JUL 1   6708                      6810   -102     5696

 COOLING
  TODAY            7                         2      5        0
  MONTH TO DATE   56                        23     33       29
  SINCE MAR 1     58                        30     28       38
  SINCE JAN 1     58                        30     28       38
..................................................................


WIND (MPH)
  HIGHEST WIND SPEED    14   HIGHEST WIND DIRECTION     S (190)
  HIGHEST GUST SPEED    19   HIGHEST GUST DIRECTION     S (190)
  AVERAGE WIND SPEED     8.3


SKY COVER
  POSSIBLE SUNSHINE  MM
  AVERAGE SKY COVER 0.2


WEATHER CONDITIONS
 THE FOLLOWING WEATHER WAS RECORDED TODAY.
  FOG


RELATIVE HUMIDITY (PERCENT)
 HIGHEST   100           300 AM
 LOWEST     55           300 PM
 AVERAGE    78

..........................................................


THE CEDAR RAPIDS IA CLIMATE NORMALS FOR TOMORROW
                         NORMAL    RECORD    YEAR
 MAXIMUM TEMPERATURE (F)   74        99      1921
 MINIMUM TEMPERATURE (F)   52        34      1925


SUNRISE AND SUNSET
MAY 23 2018...........SUNRISE   540 AM CDT   SUNSET   828 PM CDT
MAY 24 2018...........SUNRISE   539 AM CDT   SUNSET   829 PM CDT


-  INDICATES NEGATIVE NUMBERS.
R  INDICATES RECORD WAS SET OR TIED.
MM INDICATES DATA IS MISSING.
T  INDICATES TRACE AMOUNT.




$$
