000
CDUS41 KILN 200540
CLICMH


CLIMATE REPORT
NATIONAL WEATHER SERVICE WILMINGTON OH
139 AM EDT FRI APR 20 2018


...................................

...THE COLUMBUS OH CLIMATE SUMMARY FOR APRIL 19 2018...

CLIMATE NORMAL PERIOD 1981 TO 2010
CLIMATE RECORD PERIOD 1869 TO 2018


WEATHER ITEM   OBSERVED TIME   RECORD YEAR NORMAL DEPARTURE LAST
                VALUE   (LST)  VALUE       VALUE  FROM      YEAR
                                                  NORMAL
..................................................................
TEMPERATURE (F)
 YESTERDAY
  MAXIMUM         52    559 PM  85    2002  65    -13       78
                                      1958
  MINIMUM         35    755 AM  21    1953  44     -9       63
  AVERAGE         44                        54    -10       71

PRECIPITATION (IN)
  YESTERDAY        0.03          2.30 1940   0.12  -0.09      T
  MONTH TO DATE    4.82                      2.15   2.67     1.41
  SINCE MAR 1      7.78                      5.17   2.61     6.80
  SINCE JAN 1     15.42                     10.15   5.27    12.26

SNOWFALL (IN)
  YESTERDAY        0.3           0.5  1969   0.0    0.3      0.0
  MONTH TO DATE    2.9                       1.0    1.9       T
  SINCE MAR 1      6.1                       5.2    0.9      1.7
  SINCE JUL 1     30.7                      26.6    4.1      9.3
  SNOW DEPTH       0

DEGREE DAYS
 HEATING
  YESTERDAY       21                        11     10        0
  MONTH TO DATE  381                       268    113      149
  SINCE MAR 1   1194                       984    210      822
  SINCE JUL 1   5041                      4979     62     4091

 COOLING
  YESTERDAY        0                         1     -1        6
  MONTH TO DATE    9                         1      8       21
  SINCE MAR 1      9                         1      8       23
  SINCE JAN 1     13                         1     12       27
..................................................................


WIND (MPH)
  RESULTANT WIND SPEED  13   RESULTANT WIND DIRECTION  NW (310)
  HIGHEST WIND SPEED    22   HIGHEST WIND DIRECTION    NW (310)
  HIGHEST GUST SPEED    28   HIGHEST GUST DIRECTION    NW (330)
  AVERAGE WIND SPEED    13.4


SKY COVER
  POSSIBLE SUNSHINE  MM
  AVERAGE SKY COVER 0.7


WEATHER CONDITIONS
 THE FOLLOWING WEATHER WAS RECORDED YESTERDAY.
  MIXED PRECIP
  LIGHT RAIN
  LIGHT SNOW
  FOG


RELATIVE HUMIDITY (PERCENT)
 HIGHEST    92           200 AM
 LOWEST     36           700 PM
 AVERAGE    64

..........................................................


THE COLUMBUS OH CLIMATE NORMALS FOR TODAY
                         NORMAL    RECORD    YEAR
 MAXIMUM TEMPERATURE (F)   65        85      1896
 MINIMUM TEMPERATURE (F)   44        22      1904


SUNRISE AND SUNSET
APRIL 20 2018.........SUNRISE   646 AM EDT   SUNSET   815 PM EDT
APRIL 21 2018.........SUNRISE   645 AM EDT   SUNSET   816 PM EDT


-  INDICATES NEGATIVE NUMBERS.
R  INDICATES RECORD WAS SET OR TIED.
MM INDICATES DATA IS MISSING.
T  INDICATES TRACE AMOUNT.




$$
