000
CDUS45 KGJT 250736
CLICNY


CLIMATE REPORT
NATIONAL WEATHER SERVICE GRAND JUNCTION CO
136 AM MDT WED APR 25 2018


...................................

...THE CANYONLANDS AIRPORT UT CLIMATE SUMMARY FOR APRIL 24 2018...

CLIMATE NORMAL PERIOD 1981 TO 2010
CLIMATE RECORD PERIOD 9999 TO 9999


WEATHER ITEM   OBSERVED TIME   RECORD YEAR NORMAL DEPARTURE LAST
                VALUE   (LST)  VALUE       VALUE  FROM      YEAR
                                                  NORMAL
..................................................................
TEMPERATURE (F)
 YESTERDAY
  MAXIMUM         74    259 PM  MM      MM  69      5       73
  MINIMUM         50   1159 PM  MM      MM  41      9       44
  AVERAGE         62                        55      7       59

PRECIPITATION (IN)
  YESTERDAY        0.00         MM      MM   0.02  -0.02      T
  MONTH TO DATE    0.27                      0.54  -0.27     0.08
  SINCE MAR 1      0.77                      1.31  -0.54     0.20
  SINCE JAN 1      1.74                      2.47  -0.73     0.84

SNOWFALL (IN)
  YESTERDAY       MM            MM      MM  MM     MM       MM
  MONTH TO DATE   MM                        MM     MM       MM
  SINCE MAR 1     MM                        MM     MM       MM
  SINCE JUL 1     MM                        MM     MM       MM
  SNOW DEPTH      MM

DEGREE DAYS
 HEATING
  YESTERDAY        3                        10     -7        6
  MONTH TO DATE  260                       321    -61      253
  SINCE MAR 1    873                       960    -87      676
  SINCE JUL 1   4801                      5369   -568     4140

 COOLING
  YESTERDAY        0                         0      0        0
  MONTH TO DATE    1                         0      1        2
  SINCE MAR 1      1                         0      1        4
  SINCE JAN 1      1                         0      1        4
..................................................................


WIND (MPH)
  HIGHEST WIND SPEED    32   HIGHEST WIND DIRECTION     E (70)
  HIGHEST GUST SPEED    40   HIGHEST GUST DIRECTION     E (80)
  AVERAGE WIND SPEED    12.8


SKY COVER
  POSSIBLE SUNSHINE  MM
  AVERAGE SKY COVER 0.1


WEATHER CONDITIONS
 THE FOLLOWING WEATHER WAS RECORDED YESTERDAY.
  HAZE


RELATIVE HUMIDITY (PERCENT)
 HIGHEST    30           200 AM
 LOWEST     12           500 PM
 AVERAGE    21

..........................................................


THE CANYONLANDS AIRPORT UT CLIMATE NORMALS FOR TODAY
                         NORMAL    RECORD    YEAR
 MAXIMUM TEMPERATURE (F)   70        MM        MM
 MINIMUM TEMPERATURE (F)   41        MM        MM


SUNRISE AND SUNSET
APRIL 25 2018.........SUNRISE   629 AM MDT   SUNSET   806 PM MDT
APRIL 26 2018.........SUNRISE   628 AM MDT   SUNSET   807 PM MDT


-  INDICATES NEGATIVE NUMBERS.
R  INDICATES RECORD WAS SET OR TIED.
MM INDICATES DATA IS MISSING.
T  INDICATES TRACE AMOUNT.




$$
