000
CDUS44 KCRP 200814
CLICRP

CLIMATE REPORT
NATIONAL WEATHER SERVICE CORPUS CHRISTI TX
314 AM CDT FRI APR 20 2018


...................................

...THE CORPUS CHRISTI CLIMATE SUMMARY FOR APRIL 19 2018...

CLIMATE NORMAL PERIOD 1981 TO 2010
CLIMATE RECORD PERIOD 1887 TO 2018


WEATHER ITEM   OBSERVED TIME   RECORD YEAR NORMAL DEPARTURE LAST
                VALUE   (LST)  VALUE       VALUE  FROM      YEAR
                                                  NORMAL
..................................................................
TEMPERATURE (F)
 YESTERDAY
  MAXIMUM         79    315 PM  94    1984  82     -3       85
  MINIMUM         61   1137 PM  46    2008  64     -3       65
  AVERAGE         70                        73     -3       75

PRECIPITATION (IN)
  YESTERDAY        0.00          0.93 1935   0.07  -0.07     0.00
  MONTH TO DATE    0.10                      1.10  -1.00     1.91
  SINCE MAR 1      2.11                      2.99  -0.88     6.90
  SINCE JAN 1      3.84                      6.46  -2.62     9.74

SNOWFALL (IN)
  YESTERDAY        0.0
  MONTH TO DATE    0.0
  SINCE MAR 1      0.0
  SINCE JUL 1      1.0
  SNOW DEPTH       0

DEGREE DAYS
 HEATING
  YESTERDAY        0                         0      0        0
  MONTH TO DATE   17                        15      2        0
  SINCE MAR 1     42                        96    -54       16
  SINCE JUL 1    871                       896    -25      368

 COOLING
  YESTERDAY        5                         8     -3       10
  MONTH TO DATE  121                       133    -12      178
  SINCE MAR 1    326                       248     78      381
  SINCE JAN 1    448                       324    124      650
..................................................................


WIND (MPH)
  HIGHEST WIND SPEED    26   HIGHEST WIND DIRECTION     E (70)
  HIGHEST GUST SPEED    32   HIGHEST GUST DIRECTION    NE (60)
  AVERAGE WIND SPEED    12.6


SKY COVER
  POSSIBLE SUNSHINE  MM
  AVERAGE SKY COVER 0.5


WEATHER CONDITIONS
 THE FOLLOWING WEATHER WAS RECORDED YESTERDAY.
  NO SIGNIFICANT WEATHER WAS OBSERVED.


RELATIVE HUMIDITY (PERCENT)
 HIGHEST   100           400 AM
 LOWEST     30           300 PM
 AVERAGE    65

..........................................................


THE CORPUS CHRISTI CLIMATE NORMALS FOR TODAY
                         NORMAL    RECORD    YEAR
 MAXIMUM TEMPERATURE (F)   83        89      1984
                                             1892
 MINIMUM TEMPERATURE (F)   64        47      2013
                                             1980


SUNRISE AND SUNSET
APRIL 20 2018.........SUNRISE   700 AM CDT   SUNSET   758 PM CDT
APRIL 21 2018.........SUNRISE   659 AM CDT   SUNSET   758 PM CDT


-  INDICATES NEGATIVE NUMBERS.
R  INDICATES RECORD WAS SET OR TIED.
MM INDICATES DATA IS MISSING.
T  INDICATES TRACE AMOUNT.




$$
