000
CDUS42 KFFC 230832
CLICSG


CLIMATE REPORT
NATIONAL WEATHER SERVICE PEACHTREE CITY GA
432 AM EDT MON APR 23 2018


...................................

...THE COLUMBUS CLIMATE SUMMARY FOR APRIL 22 2018...

CLIMATE NORMAL PERIOD 1981 TO 2010
CLIMATE RECORD PERIOD 1948 TO 2018


WEATHER ITEM   OBSERVED TIME   RECORD YEAR NORMAL DEPARTURE LAST
                VALUE   (LST)  VALUE       VALUE  FROM      YEAR
                                                  NORMAL
..................................................................
TEMPERATURE (F)
 YESTERDAY
  MAXIMUM         68    223 PM  92    1987  78    -10       86
  MINIMUM         62    907 AM  37    1953  54      8       61
  AVERAGE         65                        66     -1       74

PRECIPITATION (IN)
  YESTERDAY        1.02          1.46 1905   0.10   0.92     0.00
  MONTH TO DATE    3.58                      2.70   0.88     1.67
  SINCE MAR 1      6.73                      8.16  -1.43     3.20
  SINCE JAN 1     11.89                     16.45  -4.56    17.46

DEGREE DAYS
 HEATING
  YESTERDAY        0                         2     -2        0
  MONTH TO DATE   77                        79     -2       20
  SINCE MAR 1    329                       325      4      223
  SINCE JUL 1   1786                      2102   -316     1353

 COOLING
  YESTERDAY        0                         3     -3        9
  MONTH TO DATE   27                        48    -21      122
  SINCE MAR 1     52                        71    -19      192
  SINCE JAN 1    124                        75     49      209
..................................................................


WIND (MPH)
  HIGHEST WIND SPEED    25   HIGHEST WIND DIRECTION    SE (130)
  HIGHEST GUST SPEED    34   HIGHEST GUST DIRECTION    SE (120)
  AVERAGE WIND SPEED    13.7


SKY COVER
  AVERAGE SKY COVER 1.0


WEATHER CONDITIONS
 THE FOLLOWING WEATHER WAS RECORDED YESTERDAY.
  HEAVY RAIN
  RAIN
  LIGHT RAIN
  FOG


RELATIVE HUMIDITY (PERCENT)
 HIGHEST    87           500 PM
 LOWEST     68          1200 AM
 AVERAGE    78

..........................................................


THE COLUMBUS CLIMATE NORMALS FOR TODAY
                         NORMAL    RECORD    YEAR
 MAXIMUM TEMPERATURE (F)   78        91      1925
 MINIMUM TEMPERATURE (F)   54        35      1986


SUNRISE AND SUNSET
APRIL 23 2018.........SUNRISE   701 AM EDT   SUNSET   815 PM EDT
APRIL 24 2018.........SUNRISE   700 AM EDT   SUNSET   816 PM EDT


-  INDICATES NEGATIVE NUMBERS.
R  INDICATES RECORD WAS SET OR TIED.
MM INDICATES DATA IS MISSING.
T  INDICATES TRACE AMOUNT.




$$
