000
CDUS43 KDVN 240909
CLIDBQ


CLIMATE REPORT
NATIONAL WEATHER SERVICE QUAD CITIES IA IL
408 AM CDT TUE APR 24 2018


...................................

...THE DUBUQUE IA CLIMATE SUMMARY FOR APRIL 23 2018...

CLIMATE NORMAL PERIOD 1981 TO 2010
CLIMATE RECORD PERIOD 1873 TO 2018


WEATHER ITEM   OBSERVED TIME   RECORD YEAR NORMAL DEPARTURE LAST
                VALUE   (LST)  VALUE       VALUE  FROM      YEAR
                                                  NORMAL
..................................................................
TEMPERATURE (F)
 YESTERDAY
  MAXIMUM         69    332 PM  85    1925  62      7       71
  MINIMUM         40    548 AM  22    1910  41     -1       37
  AVERAGE         55                        51      4       54

PRECIPITATION (IN)
  YESTERDAY        0.00          2.00 1950   0.12  -0.12     0.00
  MONTH TO DATE    1.59                      2.72  -1.13     3.76
  SINCE MAR 1      3.43                      5.13  -1.70     5.89
  SINCE JAN 1      7.48                      7.74  -0.26     9.70

SNOWFALL (IN)
  YESTERDAY        0.0          MM      MM   0.0    0.0      0.0
  MONTH TO DATE    8.6                       1.8    6.8       T
  SINCE MAR 1     16.2                       8.1    8.1      4.5
  SINCE JUL 1     38.2                      41.7   -3.5     27.1
  SNOW DEPTH       0

DEGREE DAYS
 HEATING
  YESTERDAY       10                        14     -4       11
  MONTH TO DATE  695                       421    274      305
  SINCE MAR 1   1649                      1339    310     1194
  SINCE JUL 1   6954                      6732    222     5675

 COOLING
  YESTERDAY        0                         0      0        0
  MONTH TO DATE    0                         0      0        5
  SINCE MAR 1      0                         0      0        5
  SINCE JAN 1      0                         0      0        5
..................................................................


WIND (MPH)
  HIGHEST WIND SPEED    21   HIGHEST WIND DIRECTION    NE (40)
  HIGHEST GUST SPEED    26   HIGHEST GUST DIRECTION    NE (30)
  AVERAGE WIND SPEED    10.4


SKY COVER
  POSSIBLE SUNSHINE  MM
  AVERAGE SKY COVER 0.0


WEATHER CONDITIONS
 THE FOLLOWING WEATHER WAS RECORDED YESTERDAY.
  NO SIGNIFICANT WEATHER WAS OBSERVED.


RELATIVE HUMIDITY (PERCENT)
 HIGHEST    60           600 AM
 LOWEST     20           100 PM
 AVERAGE    40

..........................................................


THE DUBUQUE IA CLIMATE NORMALS FOR TODAY
                         NORMAL    RECORD    YEAR
 MAXIMUM TEMPERATURE (F)   62        85      1939
 MINIMUM TEMPERATURE (F)   41        22      1956


SUNRISE AND SUNSET
APRIL 24 2018.........SUNRISE   608 AM CDT   SUNSET   755 PM CDT
APRIL 25 2018.........SUNRISE   606 AM CDT   SUNSET   756 PM CDT


-  INDICATES NEGATIVE NUMBERS.
R  INDICATES RECORD WAS SET OR TIED.
MM INDICATES DATA IS MISSING.
T  INDICATES TRACE AMOUNT.




$$
