000
CDUS43 KILX 252206
CLIDEC


CLIMATE REPORT
NATIONAL WEATHER SERVICE LINCOLN IL
502 PM CDT FRI MAY 25 2018


...................................

...THE DECATUR IL AIRPORT CLIMATE SUMMARY FOR MAY 25 2018...
VALID TODAY AS OF 0500 PM LOCAL TIME.

CLIMATE NORMAL PERIOD 1981 TO 2010
CLIMATE RECORD PERIOD 9999 TO 9999


WEATHER ITEM   OBSERVED TIME   RECORD YEAR NORMAL DEPARTURE LAST
                VALUE   (LST)  VALUE       VALUE  FROM      YEAR
                                                  NORMAL
..................................................................
TEMPERATURE (F)
 TODAY
  MAXIMUM         89    153 PM  MM      MM  77     12       73
  MINIMUM         61    409 AM  MM      MM  54      7       55
  AVERAGE         75                        65     10       64

PRECIPITATION (IN)
  TODAY            0.00         MM      MM   0.12  -0.12     0.00
  MONTH TO DATE    1.38                      3.64  -2.26     8.48
  SINCE MAR 1      6.62                     10.08  -3.46    16.76
  SINCE JAN 1     11.75                     13.80  -2.05    18.86

DEGREE DAYS
 HEATING
  TODAY            0                         3     -3        1
  MONTH TO DATE    7                       126   -119      148
  SINCE MAR 1   1396                      1232    164     1052
  SINCE JUL 1   5548                      5489     59     4411

 COOLING
  TODAY           10                         4      6        0
  MONTH TO DATE  138                        49     89       50
  SINCE MAR 1    141                        63     78       73
  SINCE JAN 1    141                        63     78       73
..................................................................


WIND (MPH)
  HIGHEST WIND SPEED    16   HIGHEST WIND DIRECTION    SW (220)
  HIGHEST GUST SPEED    22   HIGHEST GUST DIRECTION    SW (210)
  AVERAGE WIND SPEED     6.6


SKY COVER
  POSSIBLE SUNSHINE  MM
  AVERAGE SKY COVER 0.1


WEATHER CONDITIONS
 THE FOLLOWING WEATHER WAS RECORDED TODAY.
  NO SIGNIFICANT WEATHER WAS OBSERVED.


RELATIVE HUMIDITY (PERCENT)
 HIGHEST    78           500 AM
 LOWEST     39           100 PM
 AVERAGE    59

..........................................................


THE DECATUR IL AIRPORT CLIMATE NORMALS FOR TOMORROW
                         NORMAL    RECORD    YEAR
 MAXIMUM TEMPERATURE (F)   77        MM        MM
 MINIMUM TEMPERATURE (F)   55        MM        MM


SUNRISE AND SUNSET
MAY 25 2018...........SUNRISE   533 AM CDT   SUNSET   812 PM CDT
MAY 26 2018...........SUNRISE   532 AM CDT   SUNSET   813 PM CDT


-  INDICATES NEGATIVE NUMBERS.
R  INDICATES RECORD WAS SET OR TIED.
MM INDICATES DATA IS MISSING.
T  INDICATES TRACE AMOUNT.




$$
