000
CDUS44 KSHV 280743
CLIDEQ


CLIMATE REPORT
NATIONAL WEATHER SERVICE SHREVEPORT, LA
240 AM CDT MON MAY 28 2018


...................................

...THE DE QUEEN CLIMATE SUMMARY FOR MAY 27 2018...

CLIMATE NORMAL PERIOD 1981 TO 2010
CLIMATE RECORD PERIOD 1902 TO 2018


WEATHER ITEM   OBSERVED TIME   RECORD YEAR NORMAL DEPARTURE LAST
                VALUE   (LST)  VALUE       VALUE  FROM      YEAR
                                                  NORMAL
..................................................................
TEMPERATURE (F)
 YESTERDAY
  MAXIMUM         90    456 PM  93    2012  84      6       90
  MINIMUM         67    548 AM  44    1961  62      5       77
  AVERAGE         79                        73      6       84

PRECIPITATION (IN)
  YESTERDAY        0.00          3.14 1976   0.14  -0.14     0.00
  MONTH TO DATE    1.38                      5.02  -3.64     2.59
  SINCE DEC 1     30.08                     24.95   5.13    21.84
  SINCE JAN 1     24.83                     20.59   4.24    19.13

SNOWFALL (IN)
  YESTERDAY        0.0
  MONTH TO DATE    0.0
  SINCE MAR 1      0.0
  SINCE JUL 1      0.1
  SNOW DEPTH       0

DEGREE DAYS
 HEATING
  YESTERDAY        0                         0      0        0
  MONTH TO DATE    0                        21    -21       24
  SINCE MAR 1    503                       551    -48      332
  SINCE JUL 1   2877                      3042   -165     2101

 COOLING
  YESTERDAY       14                         8      6       19
  MONTH TO DATE  274                       137    137      136
  SINCE MAR 1    292                       182    110      233
  SINCE JAN 1    294                       184    110      243
..................................................................


WIND (MPH)
  HIGHEST WIND SPEED    13   HIGHEST WIND DIRECTION     E (110)
  HIGHEST GUST SPEED    16   HIGHEST GUST DIRECTION     E (80)
  AVERAGE WIND SPEED     4.0


SKY COVER
  POSSIBLE SUNSHINE  MM
  AVERAGE SKY COVER 0.1


WEATHER CONDITIONS
 THE FOLLOWING WEATHER WAS RECORDED YESTERDAY.
  FOG
  FOG W/VISIBILITY <= 1/4 MILE


RELATIVE HUMIDITY (PERCENT)
 HIGHEST   100           100 AM
 LOWEST     52           500 PM
 AVERAGE    76

..........................................................


THE DE QUEEN CLIMATE NORMALS FOR TODAY
                         NORMAL    RECORD    YEAR
 MAXIMUM TEMPERATURE (F)   84        94      1977
 MINIMUM TEMPERATURE (F)   62        44      1961


SUNRISE AND SUNSET
MAY 28 2018...........SUNRISE   609 AM CDT   SUNSET   821 PM CDT
MAY 29 2018...........SUNRISE   608 AM CDT   SUNSET   822 PM CDT


-  INDICATES NEGATIVE NUMBERS.
R  INDICATES RECORD WAS SET OR TIED.
MM INDICATES DATA IS MISSING.
T  INDICATES TRACE AMOUNT.




$$
