000
CDUS43 KDDC 250706
CLIDGC


CLIMATE REPORT
NATIONAL WEATHER SERVICE DODGE CITY KS
206 AM CDT WED APR 25 2018


...................................

...THE DODGE CITY KS CLIMATE SUMMARY FOR APRIL 24 2018...

CLIMATE NORMAL PERIOD 1981 TO 2010
CLIMATE RECORD PERIOD 1875 TO 2018


WEATHER ITEM   OBSERVED TIME   RECORD YEAR NORMAL DEPARTURE LAST
                VALUE   (LST)  VALUE       VALUE  FROM      YEAR
                                                  NORMAL
..................................................................
TEMPERATURE (F)
 YESTERDAY
  MAXIMUM         56    906 AM  98    1989  70    -14       82
  MINIMUM         39   1159 PM  23    2013  43     -4       49
  AVERAGE         48                        57     -9       66

PRECIPITATION (IN)
  YESTERDAY        0.28          1.13 1973   0.07   0.21     0.00
  MONTH TO DATE    0.92                      1.40  -0.48     4.50
  SINCE MAR 1      1.98                      2.99  -1.01     7.08
  SINCE JAN 1      2.13                      4.25  -2.12     9.65

SNOWFALL (IN)
  YESTERDAY       MM             1.0  1947   0.0   MM        0.0
  MONTH TO DATE    1.7                       1.1    0.6      0.0
  SINCE MAR 1      2.7                       6.0   -3.3      0.0
  SINCE JUL 1      4.1                      21.1  -17.0      5.0
  SNOW DEPTH       0

DEGREE DAYS
 HEATING
  YESTERDAY       17                         9      8        0
  MONTH TO DATE  432                       303    129      197
  SINCE MAR 1    961                       943     18      681
  SINCE JUL 1   4617                      4790   -173     3915

 COOLING
  YESTERDAY        0                         1     -1        1
  MONTH TO DATE    7                         9     -2       32
  SINCE MAR 1     11                        10      1       41
  SINCE JAN 1     11                        10      1       41
..................................................................


WIND (MPH)
  HIGHEST WIND SPEED    29   HIGHEST WIND DIRECTION     N (360)
  HIGHEST GUST SPEED    37   HIGHEST GUST DIRECTION     N (360)
  AVERAGE WIND SPEED    15.6


SKY COVER
  POSSIBLE SUNSHINE  MM
  AVERAGE SKY COVER 0.8


WEATHER CONDITIONS
 THE FOLLOWING WEATHER WAS RECORDED YESTERDAY.
  RAIN
  LIGHT RAIN
  FOG


RELATIVE HUMIDITY (PERCENT)
 HIGHEST    92          1100 PM
 LOWEST     71           700 AM
 AVERAGE    82

..........................................................


THE DODGE CITY KS CLIMATE NORMALS FOR TODAY
                         NORMAL    RECORD    YEAR
 MAXIMUM TEMPERATURE (F)   71        90      1989
 MINIMUM TEMPERATURE (F)   44        30      2006
                                             1950
                                             1918


SUNRISE AND SUNSET
APRIL 25 2018.........SUNRISE   651 AM CDT   SUNSET   825 PM CDT
APRIL 26 2018.........SUNRISE   650 AM CDT   SUNSET   826 PM CDT


-  INDICATES NEGATIVE NUMBERS.
R  INDICATES RECORD WAS SET OR TIED.
MM INDICATES DATA IS MISSING.
T  INDICATES TRACE AMOUNT.




$$
