000
CDUS44 KAMA 202136
CLIDHT


CLIMATE REPORT
NATIONAL WEATHER SERVICE AMARILLO TX
435 PM CDT FRI APR 20 2018


...................................

...THE DALHART CLIMATE SUMMARY FOR APRIL 20 2018...
VALID TODAY AS OF 0400 PM LOCAL TIME.

CLIMATE NORMAL PERIOD 1981 TO 2010
CLIMATE RECORD PERIOD 1948 TO 2018


WEATHER ITEM   OBSERVED TIME   RECORD YEAR NORMAL DEPARTURE LAST
                VALUE   (LST)  VALUE       VALUE  FROM      YEAR
                                                  NORMAL
..................................................................
TEMPERATURE (F)
 TODAY
  MAXIMUM         61    259 PM  90    1989  71    -10       71
  MINIMUM         46   1032 AM  22    1966  39      7       52
  AVERAGE         54                        55     -1       62

PRECIPITATION (IN)
  TODAY            0.00          0.99 1952   0.04  -0.04     0.00
  MONTH TO DATE    0.14                      0.65  -0.51     1.03
  SINCE MAR 1      0.14                      1.82  -1.68     2.45
  SINCE JAN 1      0.15                      2.74  -2.59     3.53

SNOWFALL (IN)
  TODAY            0.0           T    1959   0.0    0.0      0.0
  MONTH TO DATE    0.0                       1.0   -1.0      1.0
  SINCE MAR 1      0.0                       5.2   -5.2      1.0
  SINCE JUL 1      2.3                      18.7  -16.4      2.3
  SNOW DEPTH       0

DEGREE DAYS
 HEATING
  TODAY           11                        10      1        3
  MONTH TO DATE  300                       260     40      156
  SINCE MAR 1    793                       871    -78      571
  SINCE JUL 1   3980                      4514   -534     3388

 COOLING
  TODAY            0                         0      0        0
  MONTH TO DATE    1                         0      1       26
  SINCE MAR 1      1                         0      1       32
  SINCE JAN 1      1                         0      1       32
..................................................................


WIND (MPH)
  RESULTANT WIND SPEED  19   RESULTANT WIND DIRECTION  SE (140)
  HIGHEST WIND SPEED    31   HIGHEST WIND DIRECTION    SE (140)
  HIGHEST GUST SPEED    36   HIGHEST GUST DIRECTION    SE (140)
  AVERAGE WIND SPEED    19.5


SKY COVER
  AVERAGE SKY COVER 0.9


WEATHER CONDITIONS
 THE FOLLOWING WEATHER WAS RECORDED TODAY.
  NO SIGNIFICANT WEATHER WAS OBSERVED.


RELATIVE HUMIDITY (PERCENT)
 HIGHEST    58           800 AM
 LOWEST     36          1200 AM
 AVERAGE    47

..........................................................


THE DALHART CLIMATE NORMALS FOR TOMORROW
                         NORMAL    RECORD    YEAR
 MAXIMUM TEMPERATURE (F)   71        92      1989
 MINIMUM TEMPERATURE (F)   40        29      1993


SUNRISE AND SUNSET
APRIL 20 2018.........SUNRISE   711 AM CDT   SUNSET   828 PM CDT
APRIL 21 2018.........SUNRISE   709 AM CDT   SUNSET   829 PM CDT


-  INDICATES NEGATIVE NUMBERS.
R  INDICATES RECORD WAS SET OR TIED.
MM INDICATES DATA IS MISSING.
T  INDICATES TRACE AMOUNT.




$$
