000
CDUS45 KTFX 210740
CLIDLN


CLIMATE REPORT
NATIONAL WEATHER SERVICE GREAT FALLS MT
140 AM MDT SAT APR 21 2018


...................................

...THE DILLON AIRPORT MT CLIMATE SUMMARY FOR APRIL 20 2018...

CLIMATE NORMAL PERIOD 1981 TO 2010
CLIMATE RECORD PERIOD 1929 TO 2018


WEATHER ITEM   OBSERVED TIME   RECORD YEAR NORMAL DEPARTURE LAST
                VALUE   (LST)  VALUE       VALUE  FROM      YEAR
                                                  NORMAL
..................................................................
TEMPERATURE (F)
 YESTERDAY
  MAXIMUM         62    421 PM  78    1980  56      6       50
  MINIMUM         30    157 AM  10    2008  30      0       33
  AVERAGE         46                        43      3       42

PRECIPITATION (IN)
  YESTERDAY        0.00          0.52 1984   0.04  -0.04     0.36
  MONTH TO DATE    1.15                      0.67   0.48     1.35
  SINCE OCT 1      3.82                      3.15   0.67     4.75
  SINCE JAN 1      2.69                      1.75   0.94     2.21

SNOWFALL (IN)
  YESTERDAY       MM
  SNOW DEPTH       0

DEGREE DAYS
 HEATING
  YESTERDAY       19                               -3       23
  MONTH TO DATE  547                               50      466
  SINCE MAR 1   1662                              215     1202
  SINCE JUL 1   7639                              275     7157

 COOLING
  YESTERDAY        0                                0        0
  MONTH TO DATE    0                                0        0
  SINCE MAR 1      0                                0        0
  SINCE JAN 1      0                                0        0
..................................................................


WIND (MPH)
  HIGHEST WIND SPEED    14   HIGHEST WIND DIRECTION     N (20)
  HIGHEST GUST SPEED    20   HIGHEST GUST DIRECTION     N (10)
  AVERAGE WIND SPEED     6.4


SKY COVER
  AVERAGE SKY COVER 0.0


WEATHER CONDITIONS
 THE FOLLOWING WEATHER WAS RECORDED YESTERDAY.
  NO SIGNIFICANT WEATHER WAS OBSERVED.


RELATIVE HUMIDITY (PERCENT)
 HIGHEST    78
 LOWEST     20
 AVERAGE    49

..........................................................


THE DILLON AIRPORT MT CLIMATE NORMALS FOR TODAY
                         NORMAL    RECORD    YEAR
 MAXIMUM TEMPERATURE (F)   56        78      1989
 MINIMUM TEMPERATURE (F)   30         9      1951


SUNRISE AND SUNSET
APRIL 21 2018.........SUNRISE   635 AM MDT   SUNSET   824 PM MDT
APRIL 22 2018.........SUNRISE   633 AM MDT   SUNSET   825 PM MDT


-  INDICATES NEGATIVE NUMBERS.
R  INDICATES RECORD WAS SET OR TIED.
MM INDICATES DATA IS MISSING.
T  INDICATES TRACE AMOUNT.




$$
