000
CDUS41 KRLX 220720
CLIEKN


CLIMATE REPORT
NATIONAL WEATHER SERVICE CHARLESTON WV
320 AM EDT TUE MAY 22 2018


...................................

...THE ELKINS WV CLIMATE SUMMARY FOR MAY 21 2018...

CLIMATE NORMAL PERIOD 1981 TO 2010
CLIMATE RECORD PERIOD 1899 TO 2018


WEATHER ITEM   OBSERVED TIME   RECORD YEAR NORMAL DEPARTURE LAST
                VALUE   (LST)  VALUE       VALUE  FROM      YEAR
                                                  NORMAL
..................................................................
TEMPERATURE (F)
 YESTERDAY
  MAXIMUM         85    350 PM  92    1911  72     13       76
  MINIMUM         57    535 AM  29    2002  47     10       59
                                      1907
  AVERAGE         71                        59     12       68

PRECIPITATION (IN)
  YESTERDAY        0.45          2.75 1996   0.18   0.27      T
  MONTH TO DATE    6.48                      3.44   3.04     2.47
  SINCE JAN 1     26.68                     17.53   9.15    18.81

SNOWFALL (IN)
  YESTERDAY        0.0           0.0  2017   0.0    0.0      0.0
  MONTH TO DATE    0.0                       0.0    0.0      0.0
  SINCE SEP 1     65.0                      83.5  -18.5     44.5
  SNOW DEPTH       0

DEGREE DAYS
 HEATING
  YESTERDAY        0                         6     -6        0
  MONTH TO DATE   46                       183   -137      165
  SINCE MAR 1   1524                      1425     99     1155
  SINCE JUL 1   5476                      5746   -270     4558

 COOLING
  YESTERDAY        6                         1      5        3
  MONTH TO DATE   54                         8     46       29
  SINCE MAR 1     55                        11     44       39
  SINCE JAN 1     55                        11     44       39
..................................................................


WIND (MPH)
  HIGHEST WIND SPEED    16   HIGHEST WIND DIRECTION     S (170)
  HIGHEST GUST SPEED    24   HIGHEST GUST DIRECTION    SW (210)
  AVERAGE WIND SPEED     3.0


SKY COVER
  POSSIBLE SUNSHINE  MM
  AVERAGE SKY COVER 0.5


WEATHER CONDITIONS
 THE FOLLOWING WEATHER WAS RECORDED YESTERDAY.
  HEAVY RAIN
  RAIN
  LIGHT RAIN
  FOG
  FOG W/VISIBILITY <= 1/4 MILE
  HAZE


RELATIVE HUMIDITY (PERCENT)
 HIGHEST    93           200 AM
 LOWEST     43           400 PM
 AVERAGE    68

..........................................................


THE ELKINS WV CLIMATE NORMALS FOR TODAY
                         NORMAL    RECORD    YEAR
 MAXIMUM TEMPERATURE (F)   72        90      1911
 MINIMUM TEMPERATURE (F)   47        26      2002


SUNRISE AND SUNSET
MAY 22 2018...........SUNRISE   601 AM EDT   SUNSET   831 PM EDT
MAY 23 2018...........SUNRISE   601 AM EDT   SUNSET   832 PM EDT


-  INDICATES NEGATIVE NUMBERS.
R  INDICATES RECORD WAS SET OR TIED.
MM INDICATES DATA IS MISSING.
T  INDICATES TRACE AMOUNT.




$$
