000
CDUS44 KEPZ 232326
CLIELP


CLIMATE REPORT
NATIONAL WEATHER SERVICE EL PASO, TX
525 PM MDT MON APR 23 2018


...................................

...THE EL PASO CLIMATE SUMMARY FOR APRIL 23 2018...
VALID TODAY AS OF 0500 PM LOCAL TIME.

CLIMATE NORMAL PERIOD 1981 TO 2010
CLIMATE RECORD PERIOD 1879 TO 2018


WEATHER ITEM   OBSERVED TIME   RECORD YEAR NORMAL DEPARTURE LAST
                VALUE   (LST)  VALUE       VALUE  FROM      YEAR
                                                  NORMAL
..................................................................
TEMPERATURE (F)
 TODAY
  MAXIMUM         88    256 PM  93    2012  81      7       83
                                      2006
                                      1965
  MINIMUM         55    554 AM  37    1984  53      2       51
                                      1907

PRECIPITATION (IN)
  TODAY            0.00                      0.00   0.00     0.00
  MONTH TO DATE    T                         0.17  -0.17     0.00
  SINCE MAR 1      0.21                      0.43  -0.22      T
  SINCE JAN 1      0.98                      1.29  -0.31     1.21

SNOWFALL (IN)
  TODAY            0.0                                       0.0
  MONTH TO DATE    0.0                                       0.0
  SINCE JUL 1      0.1                                        T

..................................................................


WIND (MPH)
  HIGHEST WIND SPEED    13   HIGHEST WIND DIRECTION     S (200)
  HIGHEST GUST SPEED    17   HIGHEST GUST DIRECTION    SW (220)


SKY COVER
  AVERAGE SKY COVER 0.2


WEATHER CONDITIONS
 THE FOLLOWING WEATHER WAS RECORDED TODAY.
  NO SIGNIFICANT WEATHER WAS OBSERVED.


RELATIVE HUMIDITY (PERCENT)
 HIGHEST    43           500 AM
 LOWEST     10           200 PM

..........................................................


THE EL PASO CLIMATE NORMALS FOR TOMORROW
                         NORMAL    RECORD    YEAR
 MAXIMUM TEMPERATURE (F)   81        97      1974
 MINIMUM TEMPERATURE (F)   53        33      1968


SUNRISE AND SUNSET
APRIL 23 2018.........SUNRISE   628 AM MDT   SUNSET   740 PM MDT
APRIL 24 2018.........SUNRISE   627 AM MDT   SUNSET   741 PM MDT


-  INDICATES NEGATIVE NUMBERS.
R  INDICATES RECORD WAS SET OR TIED.
MM INDICATES DATA IS MISSING.
T  INDICATES TRACE AMOUNT.




$$
