000
CDUS41 KCLE 250527
CLIERI


CLIMATE REPORT
NATIONAL WEATHER SERVICE CLEVELAND OH
126 AM EDT FRI MAY 25 2018


...................................

...THE ERIE PA CLIMATE SUMMARY FOR MAY 24 2018...

CLIMATE NORMAL PERIOD 1981 TO 2010
CLIMATE RECORD PERIOD 1873 TO 2018


WEATHER ITEM   OBSERVED TIME   RECORD YEAR NORMAL DEPARTURE LAST
                VALUE   (LST)  VALUE       VALUE  FROM      YEAR
                                                  NORMAL
..................................................................
TEMPERATURE (F)
 YESTERDAY
  MAXIMUM         80    248 PM  85    2012  69     11       73
                                      1991
                                      1964
  MINIMUM         52    519 AM  31    1963  51      1       57
  AVERAGE         66                        60      6       65

PRECIPITATION (IN)
  YESTERDAY        0.00                      0.12  -0.12     0.05
  MONTH TO DATE    4.83                      2.64   2.19     3.68
  SINCE MAR 1     13.09                      8.92   4.17    11.15
  SINCE JAN 1     19.51                     14.26   5.25    18.57

SNOWFALL (IN)
  YESTERDAY        0.0                       0.0    0.0      0.0
  MONTH TO DATE    0.0                       0.0    0.0      0.0
  SINCE MAR 1     42.0                      16.9   25.1     10.3
  SINCE JUL 1    198.5                     100.9   97.6     78.6
  SNOW DEPTH       0

DEGREE DAYS
 HEATING
  YESTERDAY        0                         6     -6        0
  MONTH TO DATE  103                       229   -126      254
  SINCE MAR 1   1826                      1683    143     1530
  SINCE JUL 1   6004                      6048    -44     5034

 COOLING
  YESTERDAY        1                         1      0        0
  MONTH TO DATE   22                        19      3       29
  SINCE MAR 1     22                        26     -4       38
  SINCE JAN 1     24                        26     -2       38
..................................................................


WIND (MPH)
  HIGHEST WIND SPEED    10   HIGHEST WIND DIRECTION    NW (300)
  HIGHEST GUST SPEED    13   HIGHEST GUST DIRECTION    NW (300)
  AVERAGE WIND SPEED     4.0


SKY COVER
  POSSIBLE SUNSHINE  MM
  AVERAGE SKY COVER 0.0


WEATHER CONDITIONS
 THE FOLLOWING WEATHER WAS RECORDED YESTERDAY.
  NO SIGNIFICANT WEATHER WAS OBSERVED.


RELATIVE HUMIDITY (PERCENT)
 HIGHEST    89           500 AM
 LOWEST     35           100 PM
 AVERAGE    62

..........................................................


THE ERIE PA CLIMATE NORMALS FOR TODAY
                         NORMAL    RECORD    YEAR
 MAXIMUM TEMPERATURE (F)   69        89      1975
 MINIMUM TEMPERATURE (F)   51        31      1956


SUNRISE AND SUNSET
MAY 25 2018...........SUNRISE   552 AM EDT   SUNSET   844 PM EDT
MAY 26 2018...........SUNRISE   551 AM EDT   SUNSET   845 PM EDT


-  INDICATES NEGATIVE NUMBERS.
R  INDICATES RECORD WAS SET OR TIED.
MM INDICATES DATA IS MISSING.
T  INDICATES TRACE AMOUNT.




$$
