000
CDUS46 KPQR 232320
CLIEUG


CLIMATE REPORT
NATIONAL WEATHER SERVICE PORTLAND OREGON
420 PM PDT MON APR 23 2018


...................................

...THE EUGENE OR CLIMATE SUMMARY FOR APRIL 23 2018...
VALID TODAY AS OF 0400 PM LOCAL TIME.

CLIMATE NORMAL PERIOD 1981 TO 2010
CLIMATE RECORD PERIOD 1892 TO 2018


WEATHER ITEM   OBSERVED TIME   RECORD YEAR NORMAL DEPARTURE LAST
                VALUE   (LST)  VALUE       VALUE  FROM      YEAR
                                                  NORMAL
..................................................................
TEMPERATURE (F)
 TODAY
  MAXIMUM         73    255 PM  80    2012  62     11       57
  MINIMUM         36    149 AM  30    1960  40     -4       46
  AVERAGE         55                        51      4       52

PRECIPITATION (IN)
  TODAY            0.00          1.08 2003   0.11  -0.11     0.18
  MONTH TO DATE    3.01                      2.71   0.30     2.58
  SINCE OCT 1     28.29                     38.80 -10.51    41.37
  SINCE JAN 1     14.28                     20.00  -5.72    21.78

SNOWFALL (IN)
  TODAY            0.0
  MONTH TO DATE    0.0
  SINCE MAR 1      T
  SINCE JUL 1      2.0

DEGREE DAYS
 HEATING
  TODAY           10                        14     -4       13
  MONTH TO DATE  367                       353     14      343
  SINCE MAR 1   1026                       922    104      867
  SINCE JUL 1   4349                      4249    100     4068

 COOLING
  TODAY            0                         0      0        0
  MONTH TO DATE    0                         0      0        0
  SINCE MAR 1      0                         0      0        0
  SINCE JAN 1      0                         0      0        0
..................................................................


WIND (MPH)
  HIGHEST WIND SPEED    18   HIGHEST WIND DIRECTION     N (10)
  HIGHEST GUST SPEED    24   HIGHEST GUST DIRECTION     N (360)
  AVERAGE WIND SPEED     8.0


SKY COVER
  POSSIBLE SUNSHINE  MM
  AVERAGE SKY COVER 0.2


WEATHER CONDITIONS
 THE FOLLOWING WEATHER WAS RECORDED TODAY.
  NO SIGNIFICANT WEATHER WAS OBSERVED.


RELATIVE HUMIDITY (PERCENT)
 HIGHEST    92           200 AM
 LOWEST     38           300 PM
 AVERAGE    65

..........................................................


THE EUGENE OR CLIMATE NORMALS FOR TOMORROW
                         NORMAL    RECORD    YEAR
 MAXIMUM TEMPERATURE (F)   62        79      1927
                                             1926
 MINIMUM TEMPERATURE (F)   40        29      1924


SUNRISE AND SUNSET
APRIL 23 2018.........SUNRISE   616 AM PDT   SUNSET   807 PM PDT
APRIL 24 2018.........SUNRISE   615 AM PDT   SUNSET   808 PM PDT


-  INDICATES NEGATIVE NUMBERS.
R  INDICATES RECORD WAS SET OR TIED.
MM INDICATES DATA IS MISSING.
T  INDICATES TRACE AMOUNT.




$$
