000
CDUS43 KPAH 250634
CLIEVV


CLIMATE REPORT
NATIONAL WEATHER SERVICE PADUCAH KY
133 AM CDT FRI MAY 25 2018


...................................

...THE EVANSVILLE IN CLIMATE SUMMARY FOR MAY 24 2018...

CLIMATE NORMAL PERIOD 1981 TO 2010
CLIMATE RECORD PERIOD 1896 TO 2018


WEATHER ITEM   OBSERVED TIME   RECORD YEAR NORMAL DEPARTURE LAST
                VALUE   (LST)  VALUE       VALUE  FROM      YEAR
                                                  NORMAL
..................................................................
TEMPERATURE (F)
 YESTERDAY
  MAXIMUM         86    433 PM  93    1939  79      7       66
                                      1921
  MINIMUM         63    441 AM  39    1963  57      6       58
  AVERAGE         75                        68      7       62

PRECIPITATION (IN)
  YESTERDAY        0.00          2.09 2006   0.17  -0.17     0.86
  MONTH TO DATE    1.71                      4.16  -2.45     3.89
  SINCE MAR 1     10.69                     12.77  -2.08    17.63
  SINCE JAN 1     22.90                     19.04   3.86    20.90

SNOWFALL (IN)
  YESTERDAY        0.0           0.0  2002   0.0    0.0      0.0
                                      2001
  MONTH TO DATE    0.0                       0.0    0.0      0.0
  SINCE MAR 1      4.1                       1.1    3.0      1.0
  SINCE JUL 1     12.1                      11.8    0.3      1.4
  SNOW DEPTH       0

DEGREE DAYS
 HEATING
  YESTERDAY        0                         2     -2        3
  MONTH TO DATE    2                        78    -76       73
  SINCE MAR 1   1091                       959    132      693
  SINCE JUL 1   4477                      4533    -56     3392

 COOLING
  YESTERDAY       10                         5      5        0
  MONTH TO DATE  194                        69    125      112
  SINCE MAR 1    202                        96    106      173
  SINCE JAN 1    209                        96    113      173
..................................................................


WIND (MPH)
  HIGHEST WIND SPEED    10   HIGHEST WIND DIRECTION     E (80)
  HIGHEST GUST SPEED    14   HIGHEST GUST DIRECTION     E (80)
  AVERAGE WIND SPEED     3.9


SKY COVER
  AVERAGE SKY COVER 0.0


WEATHER CONDITIONS
 THE FOLLOWING WEATHER WAS RECORDED YESTERDAY.
  NO SIGNIFICANT WEATHER WAS OBSERVED.


RELATIVE HUMIDITY (PERCENT)
 HIGHEST    87
 LOWEST     37
 AVERAGE    62

..........................................................


THE EVANSVILLE IN CLIMATE NORMALS FOR TODAY
                         NORMAL    RECORD    YEAR
 MAXIMUM TEMPERATURE (F)   80        94      1911
 MINIMUM TEMPERATURE (F)   57        35      1925


SUNRISE AND SUNSET
MAY 25 2018...........SUNRISE   532 AM CDT   SUNSET   802 PM CDT
MAY 26 2018...........SUNRISE   532 AM CDT   SUNSET   803 PM CDT


-  INDICATES NEGATIVE NUMBERS.
R  INDICATES RECORD WAS SET OR TIED.
MM INDICATES DATA IS MISSING.
T  INDICATES TRACE AMOUNT.




$$
