000
CDUS43 KIND 210535
CLIEYE


CLIMATE REPORT
NATIONAL WEATHER SERVICE INDIANAPOLIS IN
135 AM EDT SAT APR 21 2018


...................................

...THE INDIANAPOLIS EAGLE CREEK IN CLIMATE SUMMARY FOR APRIL 20 2018...

CLIMATE NORMAL PERIOD 1981 TO 2010
CLIMATE RECORD PERIOD 9999 TO 9999


WEATHER ITEM   OBSERVED TIME   NORMAL DEPARTURE LAST
                VALUE   (LST)  VALUE  FROM      YEAR
                                      NORMAL
......................................................
TEMPERATURE (F)
 YESTERDAY
  MAXIMUM         61    252 PM  64     -3       79
  MINIMUM         32    627 AM  45    -13       58
  AVERAGE         47            55     -8       69

PRECIPITATION (IN)
  YESTERDAY        0.00          0.12  -0.12     0.06
  MONTH TO DATE    3.58          2.34   1.24     1.47
  SINCE MAR 1      6.98          5.64   1.34     5.92
  SINCE JAN 1     12.99          9.98   3.01    11.08

DEGREE DAYS
 HEATING
  YESTERDAY       18            11      7        0
  MONTH TO DATE  413           277    136      144
  SINCE MAR 1   1210           977    233      792
  SINCE JUL 1   5094          5102     -8     4052

 COOLING
  YESTERDAY        0             1     -1        4
  MONTH TO DATE    7            10     -3       22
  SINCE MAR 1      7            11     -4       24
  SINCE JAN 1     13            11      2       24
......................................................


WIND (MPH)
  HIGHEST WIND SPEED    13   HIGHEST WIND DIRECTION    NE (40)
  HIGHEST GUST SPEED    18   HIGHEST GUST DIRECTION     E (80)
  AVERAGE WIND SPEED     5.7


SKY COVER
  AVERAGE SKY COVER 0.0


WEATHER CONDITIONS
 THE FOLLOWING WEATHER WAS RECORDED YESTERDAY.
  NO SIGNIFICANT WEATHER WAS OBSERVED.


RELATIVE HUMIDITY (PERCENT)
 HIGHEST    59           600 AM
 LOWEST     24           100 PM
 AVERAGE    42

..........................................................


THE INDIANAPOLIS EAGLE CREEK IN CLIMATE NORMALS FOR TODAY
                         NORMAL
 MAXIMUM TEMPERATURE (F)   65
 MINIMUM TEMPERATURE (F)   45


SUNRISE AND SUNSET
APRIL 21 2018.........SUNRISE   659 AM EDT   SUNSET   830 PM EDT
APRIL 22 2018.........SUNRISE   657 AM EDT   SUNSET   831 PM EDT


-  INDICATES NEGATIVE NUMBERS.
R  INDICATES RECORD WAS SET OR TIED.
MM INDICATES DATA IS MISSING.
T  INDICATES TRACE AMOUNT.




$$
