000
CDUS42 KKEY 230554
CLIEYW


CLIMATE REPORT
NATIONAL WEATHER SERVICE KEY WEST, FL
152 AM EDT WED MAY 23 2018


...................................

...THE KEY WEST CLIMATE SUMMARY FOR MAY 22 2018...

CLIMATE NORMAL PERIOD 1981 TO 2010
CLIMATE RECORD PERIOD 1871 TO 2018


WEATHER ITEM   OBSERVED TIME   RECORD YEAR NORMAL DEPARTURE LAST
                VALUE   (LST)  VALUE       VALUE  FROM      YEAR
                                                  NORMAL
..................................................................
TEMPERATURE (F)
 YESTERDAY
  MAXIMUM         83    237 PM  92    1935  86     -3       86
  MINIMUM         74    425 AM  68    1940  77     -3       79
                                      1926
  AVERAGE         79                        81     -2       83

PRECIPITATION (IN)
  YESTERDAY        0.03          1.89 1926   0.11  -0.08     0.00
  MONTH TO DATE    9.68                      1.79   7.89     0.66
  SINCE MAR 1     12.01                      5.89   6.12     5.47
  SINCE JAN 1     13.25                      9.42   3.83     8.52

SNOWFALL (IN)
  YESTERDAY        0.0
  MONTH TO DATE    0.0
  SINCE MAR 1      0.0
  SINCE JUL 1      0.0
  SNOW DEPTH       0

DEGREE DAYS
 HEATING
  YESTERDAY        0                         0      0        0
  MONTH TO DATE    0                         0      0        0
  SINCE MAR 1      2                         7     -5        0
  SINCE JUL 1     44                        73    -29        5

 COOLING
  YESTERDAY       14                        16     -2       18
  MONTH TO DATE  307                       326    -19      344
  SINCE MAR 1    941                       932      9     1038
  SINCE JAN 1   1394                      1280    114     1578
..................................................................


WIND (MPH)
  HIGHEST WIND SPEED    28   HIGHEST WIND DIRECTION    SE (130)
  HIGHEST GUST SPEED    35   HIGHEST GUST DIRECTION    SE (130)
  AVERAGE WIND SPEED    18.7


SKY COVER
  POSSIBLE SUNSHINE  MM
  AVERAGE SKY COVER 0.5


WEATHER CONDITIONS
 THE FOLLOWING WEATHER WAS RECORDED YESTERDAY.
  LIGHT RAIN
  FOG


RELATIVE HUMIDITY (PERCENT)
 HIGHEST   100
 LOWEST     71
 AVERAGE    86

..........................................................


THE KEY WEST CLIMATE NORMALS FOR TODAY
                         NORMAL    RECORD    YEAR
 MAXIMUM TEMPERATURE (F)   86        92      1873
 MINIMUM TEMPERATURE (F)   77        69      1940


SUNRISE AND SUNSET
MAY 23 2018...........SUNRISE   640 AM EDT   SUNSET   808 PM EDT
MAY 24 2018...........SUNRISE   640 AM EDT   SUNSET   808 PM EDT


-  INDICATES NEGATIVE NUMBERS.
R  INDICATES RECORD WAS SET OR TIED.
MM INDICATES DATA IS MISSING.
T  INDICATES TRACE AMOUNT.




$$
