931
CDAK49 PAFG 251004
CLIFAI

CLIMATE REPORT
NATIONAL WEATHER SERVICE FAIRBANKS AK
204 AM AKDT WED APR 25 2018

...................................

...THE FAIRBANKS AK CLIMATE SUMMARY FOR APRIL 24 2018...

CLIMATE NORMAL PERIOD 1981 TO 2010
CLIMATE RECORD PERIOD 1904 TO 2018


WEATHER ITEM   OBSERVED TIME   RECORD YEAR NORMAL DEPARTURE LAST
                VALUE   (LST)  VALUE       VALUE  FROM      YEAR
                                                  NORMAL
..................................................................
TEMPERATURE (F)
 YESTERDAY
  MAXIMUM         49    442 PM  67    1940  50     -1       58
  MINIMUM         30    431 AM -10    1948  27      3       33
  AVERAGE         40                        39      1       46

PRECIPITATION (IN)
  YESTERDAY        0.00          0.17 1937   0.01  -0.01     0.00
  MONTH TO DATE    0.06                      0.22  -0.16     0.09
  SINCE MAR 1      0.64                      0.47   0.17     0.26
  SINCE JAN 1      3.30                      1.47   1.83     2.46

SNOWFALL (IN)
  YESTERDAY        0.0           1.9  1941   0.1   -0.1      0.0
  MONTH TO DATE    1.8                       2.5   -0.7      1.2
  SINCE MAR 1     10.7                       7.4    3.3      4.7
  SINCE JUL 1     85.0                      63.7   21.3     83.7
  SNOW DEPTH       12

DEGREE DAYS
 HEATING
  YESTERDAY       25                        26     -1       19
  MONTH TO DATE  847                       829     18      726
  SINCE MAR 1   2370                      2489   -119     2825
  SINCE JUL 1  11595                     12879  -1284    12955

 COOLING
  YESTERDAY        0                         0      0        0
  MONTH TO DATE    0                         0      0        0
  SINCE MAR 1      0                         0      0        0
  SINCE JAN 1      0                         0      0        0
..................................................................


WIND (MPH)
  HIGHEST GUST SPEED    25   HIGHEST GUST DIRECTION     W (270)


SKY COVER
  AVERAGE SKY COVER 0.8


WEATHER CONDITIONS
 THE FOLLOWING WEATHER WAS RECORDED YESTERDAY.
  NO SIGNIFICANT WEATHER WAS OBSERVED.


RELATIVE HUMIDITY (PERCENT)
 HIGHEST    85
 LOWEST     45
 AVERAGE    65

..........................................................


THE FAIRBANKS AK CLIMATE NORMALS FOR TODAY
                         NORMAL    RECORD    YEAR
 MAXIMUM TEMPERATURE (F)   51        69      1997
                                             1940
 MINIMUM TEMPERATURE (F)   28         0      1948


SUNRISE AND SUNSET
APRIL 25 2018.........SUNRISE   540 AM AKDT  SUNSET  1002 PM AKDT
APRIL 26 2018.........SUNRISE   536 AM AKDT  SUNSET  1005 PM AKDT


-  INDICATES NEGATIVE NUMBERS.
R  INDICATES RECORD WAS SET OR TIED.
MM INDICATES DATA IS MISSING.
T  INDICATES TRACE AMOUNT.

&&

SNOW DEPTH IS MEASURED AT 3AM AKST/4AM AKDT

----------------------------
AVAILABLE DAYLIGHT

AMOUNT OF DAYLIGHT TODAY  (HOUR:MIN)........16:23
GAIN SINCE YESTERDAY........................7 MINUTES
----------------------------

$$
APR 18
