000
CDUS46 KHNX 250824
CLIFAT


CLIMATE REPORT
NATIONAL WEATHER SERVICE SAN JOAQUIN VALLEY, CA
123 AM PDT FRI MAY 25 2018


...................................

...THE FRESNO CA CLIMATE SUMMARY FOR MAY 24 2018...

CLIMATE NORMAL PERIOD 1981 TO 2010
CLIMATE RECORD PERIOD 1887 TO 2018


WEATHER ITEM   OBSERVED TIME   RECORD YEAR NORMAL DEPARTURE
                VALUE   (LST)  VALUE       VALUE  FROM
                                                  NORMAL
...............................................................
TEMPERATURE (F)
 YESTERDAY
  MAXIMUM         83    314 PM 103    1943  86     -3
                                      1890
  MINIMUM         56    526 AM  41    1953  58     -2
  AVERAGE         70                        72     -2

PRECIPITATION (IN)
  YESTERDAY        0.00          0.22 1931   0.01  -0.01
  MONTH TO DATE    0.00                      0.35  -0.35
  SINCE OCT 1      6.73                     11.02  -4.29
  SINCE JAN 1      6.32                      7.55  -1.23

SNOWFALL (IN)
  YESTERDAY        0.0
  MONTH TO DATE    0.0
  SINCE MAR 1      0.0
  SINCE JUL 1      0.0
  SNOW DEPTH       0

DEGREE DAYS
 HEATING
  YESTERDAY        0                                0
  MONTH TO DATE    4                              -25
  SINCE MAR 1    332                              -98
  SINCE JUL 1   1813                             -529

 COOLING
  YESTERDAY        5                               -3
  MONTH TO DATE  140                                9
  SINCE MAR 1    228                               46
  SINCE JAN 1    228                               46
...............................................................


WIND (MPH)
  HIGHEST WIND SPEED    23   HIGHEST WIND DIRECTION    NW (310)
  HIGHEST GUST SPEED    27   HIGHEST GUST DIRECTION    NW (300)
  AVERAGE WIND SPEED     9.0




RELATIVE HUMIDITY (PERCENT)
 HIGHEST    77
 LOWEST     33
 AVERAGE    55

..........................................................


THE FRESNO CA CLIMATE NORMALS FOR TODAY
                         NORMAL    RECORD    YEAR
 MAXIMUM TEMPERATURE (F)   87       102      1890
 MINIMUM TEMPERATURE (F)   58        42      1980


SUNRISE AND SUNSET
MAY 25 2018...........SUNRISE   545 AM PDT   SUNSET   808 PM PDT
MAY 26 2018...........SUNRISE   544 AM PDT   SUNSET   808 PM PDT


-  INDICATES NEGATIVE NUMBERS.
R  INDICATES RECORD WAS SET OR TIED.
MM INDICATES DATA IS MISSING.
T  INDICATES TRACE AMOUNT.




$$
