000
CDUS42 KFFC 260818
CLIFFC


CLIMATE REPORT
NATIONAL WEATHER SERVICE PEACHTREE CITY GA
417 AM EDT THU APR 26 2018


...................................

...THE PEACHTREE CITY CLIMATE SUMMARY FOR APRIL 25 2018...

CLIMATE NORMAL PERIOD 1981 TO 2010
CLIMATE RECORD PERIOD 9999 TO 9999


WEATHER ITEM   OBSERVED TIME   RECORD YEAR NORMAL DEPARTURE LAST
                VALUE   (LST)  VALUE       VALUE  FROM      YEAR
                                                  NORMAL
..................................................................
TEMPERATURE (F)
 YESTERDAY
  MAXIMUM         70    250 PM  MM      MM  77     -7       78
  MINIMUM         52   1159 PM  MM      MM  50      2       56
  AVERAGE         61                        63     -2       67

PRECIPITATION (IN)
  YESTERDAY        0.00         MM      MM   0.12  -0.12      T
  MONTH TO DATE    4.47                      3.35   1.12     2.85
  SINCE MAR 1      8.70                      8.46   0.24     4.92
  SINCE JAN 1     17.48                     17.56  -0.08    15.17

SNOWFALL (IN)
  YESTERDAY        0.0          MM      MM  MM     MM        0.0
  MONTH TO DATE    0.0                      MM     MM        0.0
  SINCE MAR 1      0.0                      MM     MM        0.0
  SINCE JUL 1      2.9                      MM     MM        0.0
  SNOW DEPTH       0

DEGREE DAYS
 HEATING
  YESTERDAY        4                         4      0        0
  MONTH TO DATE  154                       151      3       63
  SINCE MAR 1    512                       521     -9      371
  SINCE JUL 1   2486                      2903   -417     2010

 COOLING
  YESTERDAY        0                         2     -2        2
  MONTH TO DATE   13                        21     -8       52
  SINCE MAR 1     17                        26     -9       76
  SINCE JAN 1     42                        26     16       77
..................................................................


WIND (MPH)
  RESULTANT WIND SPEED   6   RESULTANT WIND DIRECTION  NW (310)
  HIGHEST WIND SPEED    16   HIGHEST WIND DIRECTION    NW (320)
  HIGHEST GUST SPEED    21   HIGHEST GUST DIRECTION     N (340)
  AVERAGE WIND SPEED     6.3


SKY COVER
  POSSIBLE SUNSHINE  MM
  AVERAGE SKY COVER 0.5


WEATHER CONDITIONS
 THE FOLLOWING WEATHER WAS RECORDED YESTERDAY.
  NO SIGNIFICANT WEATHER WAS OBSERVED.


RELATIVE HUMIDITY (PERCENT)
 HIGHEST   100           500 AM
 LOWEST     53           300 PM
 AVERAGE    77

..........................................................


THE PEACHTREE CITY CLIMATE NORMALS FOR TODAY
                         NORMAL    RECORD    YEAR
 MAXIMUM TEMPERATURE (F)   77        MM        MM
 MINIMUM TEMPERATURE (F)   50        MM        MM


SUNRISE AND SUNSET
APRIL 26 2018.........SUNRISE   655 AM EDT   SUNSET   817 PM EDT
APRIL 27 2018.........SUNRISE   654 AM EDT   SUNSET   818 PM EDT


-  INDICATES NEGATIVE NUMBERS.
R  INDICATES RECORD WAS SET OR TIED.
MM INDICATES DATA IS MISSING.
T  INDICATES TRACE AMOUNT.




$$
