000
CDUS43 KLMK 252044
CLIFFT


CLIMATE REPORT
NATIONAL WEATHER SERVICE LOUISVILLE KY
442 PM EDT WED APR 25 2018


...................................

...THE FRANKFORT KY CLIMATE SUMMARY FOR APRIL 25 2018...
VALID TODAY AS OF 0400 PM LOCAL TIME.

CLIMATE NORMAL PERIOD 1981 TO 2010
CLIMATE RECORD PERIOD 1895 TO 2018


WEATHER ITEM   OBSERVED TIME   RECORD YEAR NORMAL DEPARTURE LAST
                VALUE   (LST)  VALUE       VALUE  FROM      YEAR
                                                  NORMAL
..................................................................
TEMPERATURE (F)
 TODAY
  MAXIMUM         67    304 PM  89    1948  70     -3       75
                                      1915
  MINIMUM         53    426 AM  29    1919  46      7       50
  AVERAGE         60                        58      2       63

PRECIPITATION (IN)
  TODAY            0.00          3.37 1975   0.14  -0.14     0.00
  MONTH TO DATE    4.23                      2.98   1.25     2.61
  SINCE MAR 1      8.96                      7.36   1.60     7.70
  SINCE JAN 1     19.73                     13.91   5.82    13.80

SNOWFALL (IN)
  TODAY           MM            MM      MM  MM     MM       MM
  MONTH TO DATE   MM                        MM     MM       MM
  SINCE MAR 1     MM                        MM     MM       MM
  SINCE JUL 1     MM                        MM     MM       MM
  SNOW DEPTH      MM

DEGREE DAYS
 HEATING
  TODAY            5                         8     -3        2
  MONTH TO DATE  374                       281     93      128
  SINCE MAR 1   1052                       906    146      661
  SINCE JUL 1   4430                      4545   -115     3431

 COOLING
  TODAY            0                         1     -1        0
  MONTH TO DATE   13                        17     -4       43
  SINCE MAR 1     13                        19     -6       49
  SINCE JAN 1     20                        19      1       52
..................................................................


WIND (MPH)
  HIGHEST WIND SPEED    16   HIGHEST WIND DIRECTION     N (340)
  HIGHEST GUST SPEED    20   HIGHEST GUST DIRECTION    NW (330)
  AVERAGE WIND SPEED     6.6


SKY COVER
  POSSIBLE SUNSHINE  MM
  AVERAGE SKY COVER 0.9


WEATHER CONDITIONS
 THE FOLLOWING WEATHER WAS RECORDED TODAY.
  NO SIGNIFICANT WEATHER WAS OBSERVED.


RELATIVE HUMIDITY (PERCENT)
 HIGHEST    93           200 AM
 LOWEST     52           300 PM
 AVERAGE    73

..........................................................


THE FRANKFORT KY CLIMATE NORMALS FOR TOMORROW
                         NORMAL    RECORD    YEAR
 MAXIMUM TEMPERATURE (F)   70        91      1915
 MINIMUM TEMPERATURE (F)   47        29      1919


SUNRISE AND SUNSET
APRIL 25 2018.........SUNRISE   650 AM EDT   SUNSET   825 PM EDT
APRIL 26 2018.........SUNRISE   649 AM EDT   SUNSET   826 PM EDT


-  INDICATES NEGATIVE NUMBERS.
R  INDICATES RECORD WAS SET OR TIED.
MM INDICATES DATA IS MISSING.
T  INDICATES TRACE AMOUNT.

$$

SCHOETTMER
