675
CDUS43 KFGF 262202
CLIFGF


CLIMATE REPORT
NATIONAL WEATHER SERVICE EASTERN NORTH DAKOTA/GRAND FORKS
500 PM CDT THU APR 26 2018


...................................

...THE GRAND FORKS UNIV. (NWS) ND CLIMATE SUMMARY FOR APRIL 26 2018...
VALID TODAY AS OF 0500 PM LOCAL TIME.

CLIMATE NORMAL PERIOD 1981 TO 2010
CLIMATE RECORD PERIOD 1893 TO 2018


WEATHER ITEM   OBSERVED TIME   RECORD YEAR NORMAL DEPARTURE LAST
                VALUE   (LST)  VALUE       VALUE  FROM      YEAR
                                                  NORMAL
..................................................................
TEMPERATURE (F)
 TODAY
  MAXIMUM         63        MM  91    1952  61      2       31
  MINIMUM         37        MM  18    1931  36      1       27
  AVERAGE         50                        48      2       29

PRECIPITATION (IN)
  TODAY            0.00          1.74 1899   0.04  -0.04     0.26
  MONTH TO DATE    0.18                      0.79  -0.61     1.48
  SINCE MAR 1      1.60                      1.81  -0.21     2.32
  SINCE JAN 1      2.73                      3.11  -0.38     3.42

SNOWFALL (IN)
  TODAY            0.0           6.2  2017   0.0    0.0      6.2
  MONTH TO DATE    1.6                       0.9    0.7      6.6
  SINCE MAR 1     18.4                       7.3   11.1      6.7
  SINCE JUL 1     57.0                      42.6   14.4     49.6
  SNOW DEPTH       0

DEGREE DAYS
 HEATING
  TODAY           15                        17     -2       36
  MONTH TO DATE  839                       600    239      563
  SINCE MAR 1   2065                      1806    259     1744
  SINCE JUL 1   9045                      8766    279     7692

 COOLING
  TODAY            0                         0      0        0
  MONTH TO DATE    0                         0      0        0
  SINCE MAR 1      0                         0      0        0
  SINCE JAN 1      0                         0      0        0
..................................................................


WIND (MPH)
  HIGHEST WIND SPEED    MM   HIGHEST WIND DIRECTION    MM
  HIGHEST GUST SPEED    MM   HIGHEST GUST DIRECTION    MM
  AVERAGE WIND SPEED    MM


SKY COVER
  POSSIBLE SUNSHINE  MM
  AVERAGE SKY COVER  MM


WEATHER CONDITIONS
 THE FOLLOWING WEATHER WAS RECORDED TODAY.
  NO SIGNIFICANT WEATHER WAS OBSERVED.


RELATIVE HUMIDITY (PERCENT)
 HIGHEST    MM
 LOWEST     MM
 AVERAGE    MM

..........................................................


THE GRAND FORKS UNIV. (NWS) ND CLIMATE NORMALS FOR TOMORROW
                         NORMAL    RECORD    YEAR
 MAXIMUM TEMPERATURE (F)   61        95      1952
 MINIMUM TEMPERATURE (F)   36         7      1909


SUNRISE AND SUNSET
APRIL 26 2018.........SUNRISE   619 AM CDT   SUNSET   834 PM CDT
APRIL 27 2018.........SUNRISE   617 AM CDT   SUNSET   836 PM CDT


-  INDICATES NEGATIVE NUMBERS.
R  INDICATES RECORD WAS SET OR TIED.
MM INDICATES DATA IS MISSING.
T  INDICATES TRACE AMOUNT.




$$
