000
CDUS45 KFGZ 220736
CLIFLG


CLIMATE REPORT
NATIONAL WEATHER SERVICE FLAGSTAFF, AZ
1236 AM MST TUE MAY 22 2018


...................................

...THE FLAGSTAFF AZ AIRPORT CLIMATE SUMMARY FOR MAY 21 2018...

CLIMATE NORMAL PERIOD 1981 TO 2010
CLIMATE RECORD PERIOD 1898 TO 2018


WEATHER ITEM   OBSERVED TIME   RECORD YEAR NORMAL DEPARTURE LAST
                VALUE   (LST)  VALUE       VALUE  FROM      YEAR
                                                  NORMAL
..................................................................
TEMPERATURE (F)
 YESTERDAY
  MAXIMUM         69    122 PM  82    2005  70     -1       72
  MINIMUM         32    527 AM  21    1974  36     -4       29
  AVERAGE         51                        53     -2

PRECIPITATION (IN)
  YESTERDAY        0.00          0.52 1975   0.02  -0.02     0.00
  MONTH TO DATE    0.62                      0.43   0.19     0.79
  SINCE SEP 1      6.12                     15.58  -9.46    18.25
  SINCE JAN 1      5.69                      7.91  -2.22     9.64

SNOWFALL (IN)
  YESTERDAY        0.0           4.7  1975   0.0    0.0      0.0
  MONTH TO DATE    0.6                       0.6    0.0      1.2
  SINCE JUL 1     38.0                     101.6  -63.6     96.7
  SNOW DEPTH       0

DEGREE DAYS
 HEATING
  YESTERDAY       14                        12      2       14
  MONTH TO DATE  278                       308    -30      351
  SINCE JUL 1   5763                      6664   -901     6134

 COOLING
  YESTERDAY        0                         0      0        0
  MONTH TO DATE    0                         0      0        0
  SINCE JAN 1      0                         0      0        0
..................................................................


WIND (MPH)
  HIGHEST WIND SPEED    25   HIGHEST WIND DIRECTION    SW (220)
  HIGHEST GUST SPEED    36   HIGHEST GUST DIRECTION     S (200)
  AVERAGE WIND SPEED     6.2


SKY COVER
  POSSIBLE SUNSHINE  MM
  AVERAGE SKY COVER 0.0


WEATHER CONDITIONS
 THE FOLLOWING WEATHER WAS RECORDED YESTERDAY.
  NO SIGNIFICANT WEATHER WAS OBSERVED.


RELATIVE HUMIDITY (PERCENT)
 HIGHEST    44           600 AM
 LOWEST     13           300 PM
 AVERAGE    29

..........................................................


THE FLAGSTAFF AZ AIRPORT CLIMATE NORMALS FOR TODAY
                         NORMAL    RECORD    YEAR
 MAXIMUM TEMPERATURE (F)   70        85      1984
 MINIMUM TEMPERATURE (F)   36        21      1972


SUNRISE AND SUNSET
MAY 22 2018...........SUNRISE   518 AM MST   SUNSET   729 PM MST
MAY 23 2018...........SUNRISE   517 AM MST   SUNSET   730 PM MST


-  INDICATES NEGATIVE NUMBERS.
R  INDICATES RECORD WAS SET OR TIED.
MM INDICATES DATA IS MISSING.
T  INDICATES TRACE AMOUNT.




$$
