000
CDUS42 KMFL 260822
CLIFLL


CLIMATE REPORT
NATIONAL WEATHER SERVICE MIAMI, FL
422 AM EDT THU APR 26 2018


...................................

...THE FORT LAUDERDALE CLIMATE SUMMARY FOR APRIL 25 2018...

CLIMATE NORMAL PERIOD 1981 TO 2010
CLIMATE RECORD PERIOD 1912 TO 2018


WEATHER ITEM   OBSERVED TIME   RECORD YEAR NORMAL DEPARTURE LAST
                VALUE   (LST)  VALUE       VALUE  FROM      YEAR
                                                  NORMAL
..................................................................
TEMPERATURE (F)
 YESTERDAY
  MAXIMUM         84    117 PM  94    1971  84      0       85
  MINIMUM         69    647 AM  55    2005  71     -2       65
  AVERAGE         77                        77      0       75

PRECIPITATION (IN)
  YESTERDAY        T            14.59 1979   0.09  -0.09     0.00
  MONTH TO DATE    1.23                      2.55  -1.32     4.00
  SINCE NOV 1     11.98                     18.20  -6.22    13.41
  SINCE JAN 1      5.35                     12.50  -7.15     8.78

SNOWFALL (IN)
  YESTERDAY        0.0
  MONTH TO DATE    0.0
  SINCE MAR 1      0.0
  SINCE JUL 1      0.0
  SNOW DEPTH       0

DEGREE DAYS
 HEATING
  YESTERDAY        0                         0      0        0
  MONTH TO DATE    0                         0      0        0
  SINCE MAR 1     15                         9      6        6
  SINCE JUL 1    141                       111     30       35

 COOLING
  YESTERDAY       12                        12      0       10
  MONTH TO DATE  310                       273     37      301
  SINCE MAR 1    496                       527    -31      554
  SINCE JAN 1    920                       883     37     1010
..................................................................


WIND (MPH)
  HIGHEST WIND SPEED    17   HIGHEST WIND DIRECTION    SE (130)
  HIGHEST GUST SPEED    22   HIGHEST GUST DIRECTION     E (110)
  AVERAGE WIND SPEED     8.4


SKY COVER
  AVERAGE SKY COVER 0.4


WEATHER CONDITIONS
 THE FOLLOWING WEATHER WAS RECORDED YESTERDAY.
  LIGHT RAIN


RELATIVE HUMIDITY (PERCENT)
 HIGHEST    88
 LOWEST     51
 AVERAGE    70

..........................................................


THE FORT LAUDERDALE CLIMATE NORMALS FOR TODAY
                         NORMAL    RECORD    YEAR
 MAXIMUM TEMPERATURE (F)   84        96      2015
 MINIMUM TEMPERATURE (F)   71        53      1983


SUNRISE AND SUNSET
APRIL 26 2018.........SUNRISE   647 AM EDT   SUNSET   750 PM EDT
APRIL 27 2018.........SUNRISE   647 AM EDT   SUNSET   750 PM EDT


-  INDICATES NEGATIVE NUMBERS.
R  INDICATES RECORD WAS SET OR TIED.
MM INDICATES DATA IS MISSING.
T  INDICATES TRACE AMOUNT.




$$
