000
CDUS42 KILM 260845
CLIFLO


CLIMATE REPORT
NATIONAL WEATHER SERVICE WILMINGTON NC
444 AM EDT THU APR 26 2018


...................................

...THE FLORENCE SOUTH  CAROLINA CLIMATE SUMMARY FOR APRIL 25 2018...

CLIMATE NORMAL PERIOD 1981 TO 2010
CLIMATE RECORD PERIOD 1948 TO 2018


WEATHER ITEM   OBSERVED TIME   RECORD YEAR NORMAL DEPARTURE LAST
                VALUE   (LST)  VALUE       VALUE  FROM      YEAR
                                                  NORMAL
..................................................................
TEMPERATURE (F)
 YESTERDAY
  MAXIMUM         79    349 PM  92    1960  78      1       66
  MINIMUM         59    542 AM  39    2005  53      6       56
  AVERAGE         69                        66      3       61

PRECIPITATION (IN)
  YESTERDAY        0.00          0.79 1978   0.09  -0.09     0.02
  MONTH TO DATE    5.41                      2.19   3.22     4.55
  SINCE MAR 1      8.31                      5.52   2.79     6.15
  SINCE JAN 1     11.35                     11.67  -0.32    11.02

SNOWFALL (IN)
  YESTERDAY       MM            MM      MM   0.0
  MONTH TO DATE   MM                         0.0
  SINCE MAR 1     MM                         0.1
  SINCE JUL 1     MM                         1.5
  SNOW DEPTH      MM

DEGREE DAYS
 HEATING
  YESTERDAY        0                         3     -3        4
  MONTH TO DATE  136                       113     23       49
  SINCE MAR 1    519                       423     96      380
  SINCE JUL 1   2413                      2489    -76     1825

 COOLING
  YESTERDAY        4                         3      1        0
  MONTH TO DATE   46                        53     -7       83
  SINCE MAR 1     53                        71    -18      123
  SINCE JAN 1    105                        77     28      136
..................................................................


WIND (MPH)
  RESULTANT WIND SPEED   5   RESULTANT WIND DIRECTION   W (260)
  HIGHEST WIND SPEED    16   HIGHEST WIND DIRECTION     W (260)
  HIGHEST GUST SPEED    23   HIGHEST GUST DIRECTION     W (280)
  AVERAGE WIND SPEED     6.7


SKY COVER
  POSSIBLE SUNSHINE  MM
  AVERAGE SKY COVER 0.5


WEATHER CONDITIONS
 THE FOLLOWING WEATHER WAS RECORDED YESTERDAY.
  NO SIGNIFICANT WEATHER WAS OBSERVED.


RELATIVE HUMIDITY (PERCENT)
 HIGHEST    90           300 AM
 LOWEST     45           400 PM
 AVERAGE    68

..........................................................


THE FLORENCE SOUTH  CAROLINA CLIMATE NORMALS FOR TODAY
                         NORMAL    RECORD    YEAR
 MAXIMUM TEMPERATURE (F)   78        93      1990
 MINIMUM TEMPERATURE (F)   53        43      2001


SUNRISE AND SUNSET
APRIL 26 2018.........SUNRISE   635 AM EDT   SUNSET   759 PM EDT
APRIL 27 2018.........SUNRISE   634 AM EDT   SUNSET   800 PM EDT


-  INDICATES NEGATIVE NUMBERS.
R  INDICATES RECORD WAS SET OR TIED.
MM INDICATES DATA IS MISSING.
T  INDICATES TRACE AMOUNT.




$$
