987
CDUS42 KFFC 250817
CLIFTY


CLIMATE REPORT
NATIONAL WEATHER SERVICE PEACHTREE CITY GA
416 AM EDT WED APR 25 2018


...................................

...THE FULTON COUNTY AIRPORT CLIMATE SUMMARY FOR APRIL 24 2018...

CLIMATE NORMAL PERIOD 1981 TO 2010
CLIMATE RECORD PERIOD 9999 TO 9999


WEATHER ITEM   OBSERVED TIME   RECORD YEAR NORMAL DEPARTURE LAST
                VALUE   (LST)  VALUE       VALUE  FROM      YEAR
                                                  NORMAL
..................................................................
TEMPERATURE (F)
 YESTERDAY
  MAXIMUM         70    332 PM  MM      MM  75     -5       67
  MINIMUM         58   1159 PM  MM      MM  51      7       52
  AVERAGE         64                        63      1       60

PRECIPITATION (IN)
  YESTERDAY        0.09         MM      MM   0.13  -0.04     0.03
  MONTH TO DATE    4.24                      2.97   1.27     5.51
  SINCE MAR 1      8.66                      7.78   0.88     8.18
  SINCE JAN 1     16.04                     16.95  -0.91    16.23

SNOWFALL (IN)
  YESTERDAY        0.0          MM      MM  MM     MM        0.0
  MONTH TO DATE    0.0                      MM     MM        0.0
  SINCE MAR 1      0.0                      MM     MM        0.0
  SINCE JUL 1      0.0                      MM     MM        0.0
  SNOW DEPTH      MM

DEGREE DAYS
 HEATING
  YESTERDAY        1                         4     -3        5
  MONTH TO DATE  162                       137     25       57
  SINCE MAR 1    548                       496     52      355
  SINCE JUL 1   2666                      2836   -170     1771

 COOLING
  YESTERDAY        0                         2     -2        0
  MONTH TO DATE   11                        23    -12       65
  SINCE MAR 1     15                        29    -14       94
  SINCE JAN 1     35                        29      6       94
..................................................................


WIND (MPH)
  RESULTANT WIND SPEED   6   RESULTANT WIND DIRECTION   W (280)
  HIGHEST WIND SPEED    16   HIGHEST WIND DIRECTION     W (280)
  HIGHEST GUST SPEED    20   HIGHEST GUST DIRECTION     W (280)
  AVERAGE WIND SPEED     5.8


SKY COVER
  AVERAGE SKY COVER 0.9


WEATHER CONDITIONS
 THE FOLLOWING WEATHER WAS RECORDED YESTERDAY.
  RAIN
  LIGHT RAIN
  FOG


RELATIVE HUMIDITY (PERCENT)
 HIGHEST   100          1200 AM
 LOWEST     63           400 PM
 AVERAGE    82

..........................................................


THE FULTON COUNTY AIRPORT CLIMATE NORMALS FOR TODAY
                         NORMAL    RECORD    YEAR
 MAXIMUM TEMPERATURE (F)   75        MM        MM
 MINIMUM TEMPERATURE (F)   51        MM        MM


SUNRISE AND SUNSET
APRIL 25 2018.........SUNRISE   656 AM EDT   SUNSET   817 PM EDT
APRIL 26 2018.........SUNRISE   655 AM EDT   SUNSET   818 PM EDT


-  INDICATES NEGATIVE NUMBERS.
R  INDICATES RECORD WAS SET OR TIED.
MM INDICATES DATA IS MISSING.
T  INDICATES TRACE AMOUNT.




$$
