000
CDUS43 KIND 260534
CLIGEZ


CLIMATE REPORT
NATIONAL WEATHER SERVICE INDIANAPOLIS IN
133 AM EDT THU APR 26 2018


...................................

...THE SHELBYVILLE IN CLIMATE SUMMARY FOR APRIL 25 2018...

CLIMATE NORMAL PERIOD 1981 TO 2010
CLIMATE RECORD PERIOD 9999 TO 9999


WEATHER ITEM   OBSERVED TIME   NORMAL DEPARTURE LAST
                VALUE   (LST)  VALUE  FROM      YEAR
                                      NORMAL
......................................................
TEMPERATURE (F)
 YESTERDAY
  MAXIMUM         65    452 PM  67     -2       78
  MINIMUM         45   1159 PM  45      0       54
  AVERAGE         55            56     -1       66

PRECIPITATION (IN)
  YESTERDAY        0.00          0.17  -0.17     0.00
  MONTH TO DATE    4.54          3.40   1.14     1.28
  SINCE MAR 1      8.27          6.83   1.44     4.96
  SINCE JAN 1     16.45         11.58   4.87    10.40

DEGREE DAYS
 HEATING
  YESTERDAY       10            10      0        0
  MONTH TO DATE  446           334    112      168
  SINCE MAR 1   1231          1054    177      792
  SINCE JUL 1   5139          5217    -78     3975

 COOLING
  YESTERDAY        0             0      0        1
  MONTH TO DATE    8             0      8       41
  SINCE MAR 1      8             1      7       45
  SINCE JAN 1     13             1     12       45
......................................................


WIND (MPH)
  HIGHEST WIND SPEED    18   HIGHEST WIND DIRECTION     N (340)
  HIGHEST GUST SPEED    22   HIGHEST GUST DIRECTION     N (340)
  AVERAGE WIND SPEED    10.5


SKY COVER
  AVERAGE SKY COVER 0.6


WEATHER CONDITIONS
 THE FOLLOWING WEATHER WAS RECORDED YESTERDAY.
  FOG


RELATIVE HUMIDITY (PERCENT)
 HIGHEST    89          1200 AM
 LOWEST     48           500 PM
 AVERAGE    69

..........................................................


THE SHELBYVILLE IN CLIMATE NORMALS FOR TODAY
                         NORMAL
 MAXIMUM TEMPERATURE (F)   67
 MINIMUM TEMPERATURE (F)   46


SUNRISE AND SUNSET
APRIL 26 2018.........SUNRISE   650 AM EDT   SUNSET   832 PM EDT
APRIL 27 2018.........SUNRISE   649 AM EDT   SUNSET   833 PM EDT


-  INDICATES NEGATIVE NUMBERS.
R  INDICATES RECORD WAS SET OR TIED.
MM INDICATES DATA IS MISSING.
T  INDICATES TRACE AMOUNT.




$$
