000
CDUS44 KSHV 260755
CLIGGG


CLIMATE REPORT
NATIONAL WEATHER SERVICE SHREVEPORT, LA
249 AM CDT THU APR 26 2018


...................................

...THE LONGVIEW CLIMATE SUMMARY FOR APRIL 25 2018...

CLIMATE NORMAL PERIOD 1981 TO 2010
CLIMATE RECORD PERIOD 1902 TO 2018


WEATHER ITEM   OBSERVED TIME   RECORD YEAR NORMAL DEPARTURE LAST
                VALUE   (LST)  VALUE       VALUE  FROM      YEAR
                                                  NORMAL
..................................................................
TEMPERATURE (F)
 YESTERDAY
  MAXIMUM         79   1200 PM  90    1943  79      0       83
  MINIMUM         51   1159 PM  35    1910  56     -5       58
  AVERAGE         65                        67     -2       71

PRECIPITATION (IN)
  YESTERDAY        0.08          2.44 1964   0.12  -0.04     0.00
  MONTH TO DATE    4.90                      2.66   2.24     5.65
  SINCE DEC 1     28.55                     18.86   9.69    20.87
  SINCE JAN 1     23.22                     14.37   8.85    16.07

SNOWFALL (IN)
  YESTERDAY        0.0
  MONTH TO DATE    0.0
  SINCE MAR 1      0.0
  SINCE JUL 1      1.5
  SNOW DEPTH       0

DEGREE DAYS
 HEATING
  YESTERDAY        0                         1     -1        0
  MONTH TO DATE  130                        84     46       28
  SINCE MAR 1    276                       339    -63      175
  SINCE JUL 1   2070                      2243   -173     1276

 COOLING
  YESTERDAY        0                         4     -4        6
  MONTH TO DATE   37                        65    -28      120
  SINCE MAR 1     99                        92      7      218
  SINCE JAN 1    135                       104     31      289
..................................................................


WIND (MPH)
  HIGHEST WIND SPEED    21   HIGHEST WIND DIRECTION    NW (330)
  HIGHEST GUST SPEED    25   HIGHEST GUST DIRECTION     N (350)
  AVERAGE WIND SPEED     7.1


SKY COVER
  POSSIBLE SUNSHINE  MM
  AVERAGE SKY COVER 0.6


WEATHER CONDITIONS
 THE FOLLOWING WEATHER WAS RECORDED YESTERDAY.
  LIGHT RAIN
  FOG


RELATIVE HUMIDITY (PERCENT)
 HIGHEST   100           200 AM
 LOWEST     48          1100 AM
 AVERAGE    74

..........................................................


THE LONGVIEW CLIMATE NORMALS FOR TODAY
                         NORMAL    RECORD    YEAR
 MAXIMUM TEMPERATURE (F)   79        90      1939
 MINIMUM TEMPERATURE (F)   56        38      1910


SUNRISE AND SUNSET
APRIL 26 2018.........SUNRISE   637 AM CDT   SUNSET   756 PM CDT
APRIL 27 2018.........SUNRISE   636 AM CDT   SUNSET   757 PM CDT


-  INDICATES NEGATIVE NUMBERS.
R  INDICATES RECORD WAS SET OR TIED.
MM INDICATES DATA IS MISSING.
T  INDICATES TRACE AMOUNT.




$$
